{"id":1490,"date":"2024-03-14T22:33:14","date_gmt":"2024-03-14T22:33:14","guid":{"rendered":"https:\/\/derechoshumanosyempresas.cl\/?page_id=1490"},"modified":"2024-03-14T22:34:51","modified_gmt":"2024-03-14T22:34:51","slug":"ciudad-comun","status":"publish","type":"page","link":"https:\/\/derechoshumanosyempresas.cl\/index.php\/ciudad-comun\/","title":{"rendered":"Ciudad Comun"},"content":{"rendered":"\t\t<div data-elementor-type=\"wp-page\" data-elementor-id=\"1490\" class=\"elementor elementor-1490\">\n\t\t\t\t<div class=\"elementor-element elementor-element-240deac e-flex e-con-boxed e-con e-parent\" data-id=\"240deac\" data-element_type=\"container\" data-e-type=\"container\">\n\t\t\t\t\t<div class=\"e-con-inner\">\n\t\t<div class=\"elementor-element elementor-element-90fc978 e-con-full e-flex e-con e-child\" data-id=\"90fc978\" data-element_type=\"container\" data-e-type=\"container\">\n\t\t\t\t<div class=\"elementor-element elementor-element-6a0ece2 elementor-widget elementor-widget-image\" data-id=\"6a0ece2\" data-element_type=\"widget\" data-e-type=\"widget\" data-widget_type=\"image.default\">\n\t\t\t\t<div class=\"elementor-widget-container\">\n\t\t\t\t\t\t\t\t\t\t\t\t\t\t\t<img fetchpriority=\"high\" decoding=\"async\" width=\"300\" height=\"300\" src=\"https:\/\/derechoshumanosyempresas.cl\/wp-content\/uploads\/2024\/02\/ciudad-comun.jpg\" class=\"attachment-large size-large wp-image-926\" alt=\"\" srcset=\"https:\/\/derechoshumanosyempresas.cl\/wp-content\/uploads\/2024\/02\/ciudad-comun.jpg 300w, https:\/\/derechoshumanosyempresas.cl\/wp-content\/uploads\/2024\/02\/ciudad-comun-150x150.jpg 150w, https:\/\/derechoshumanosyempresas.cl\/wp-content\/uploads\/2024\/02\/ciudad-comun-230x230.jpg 230w\" sizes=\"(max-width: 300px) 100vw, 300px\" \/>\t\t\t\t\t\t\t\t\t\t\t\t\t\t\t<\/div>\n\t\t\t\t<\/div>\n\t\t\t\t<\/div>\n\t\t<div class=\"elementor-element elementor-element-c34d76e e-con-full e-flex e-con e-child\" data-id=\"c34d76e\" data-element_type=\"container\" data-e-type=\"container\">\n\t\t\t\t<div class=\"elementor-element elementor-element-15c98e0 elementor-widget elementor-widget-text-editor\" data-id=\"15c98e0\" data-element_type=\"widget\" data-e-type=\"widget\" data-widget_type=\"text-editor.default\">\n\t\t\t\t<div class=\"elementor-widget-container\">\n\t\t\t\t\t\t\t\t\t<p style=\"text-align: justify;\">Ciudad Com\u00fan es una organizaci\u00f3n sin fines de lucro cuyo principal objetivo es promover una perspectiva cr\u00edtica de los estudios urbanos y habitacionales en Chile y Latinoam\u00e9rica. Como centro de estudios, la Corporaci\u00f3n Ciudad Com\u00fan est\u00e1 compuesto por acad\u00e9micos, activistas y t\u00e9cnicos de pol\u00edticas p\u00fablicas que creen en la justicia socio ambiental y el derecho a la ciudad.<\/p><ul><li><strong>P\u00e1gina Web:\u00a0<\/strong>www.ciudadcomun.org<\/li><li><strong>Facebook:\u00a0<\/strong>https:\/\/www.facebook.com\/pg\/CiudadComunCorporacion<\/li><li><strong>Twitter:\u00a0<\/strong>https:\/\/twitter.com\/laciudadcomun<\/li><li><strong>Instagram:\u00a0<\/strong>ciudadcomun<\/li><\/ul>\t\t\t\t\t\t\t\t<\/div>\n\t\t\t\t<\/div>\n\t\t\t\t<\/div>\n\t\t\t\t\t<\/div>\n\t\t\t\t<\/div>\n\t\t<div class=\"elementor-element elementor-element-d1ccb42 e-flex e-con-boxed e-con e-parent\" data-id=\"d1ccb42\" data-element_type=\"container\" data-e-type=\"container\">\n\t\t\t\t\t<div class=\"e-con-inner\">\n\t\t<div class=\"elementor-element elementor-element-93badd5 e-flex e-con-boxed e-con e-child\" data-id=\"93badd5\" data-element_type=\"container\" data-e-type=\"container\">\n\t\t\t\t\t<div class=\"e-con-inner\">\n\t\t<div class=\"elementor-element elementor-element-5b60a43 e-flex e-con-boxed e-con e-child\" data-id=\"5b60a43\" data-element_type=\"container\" data-e-type=\"container\">\n\t\t\t\t\t<div class=\"e-con-inner\">\n\t\t\t\t<div class=\"elementor-element elementor-element-5d5f8b2 elementor-align-center elementor-widget elementor-widget-button\" data-id=\"5d5f8b2\" data-element_type=\"widget\" data-e-type=\"widget\" data-widget_type=\"button.default\">\n\t\t\t\t<div class=\"elementor-widget-container\">\n\t\t\t\t\t\t\t\t\t<div class=\"elementor-button-wrapper\">\n\t\t\t\t\t<a class=\"elementor-button elementor-button-link elementor-size-sm\" href=\"https:\/\/derechoshumanosyempresas.cl\/index.php\/organizaciones\/\">\n\t\t\t\t\t\t<span class=\"elementor-button-content-wrapper\">\n\t\t\t\t\t\t\t\t\t<span class=\"elementor-button-text\">+ ORGANIZACIONES AFILIADAS<\/span>\n\t\t\t\t\t<\/span>\n\t\t\t\t\t<\/a>\n\t\t\t\t<\/div>\n\t\t\t\t\t\t\t\t<\/div>\n\t\t\t\t<\/div>\n\t\t\t\t\t<\/div>\n\t\t\t\t<\/div>\n\t\t\t\t\t<\/div>\n\t\t\t\t<\/div>\n\t\t\t\t\t<\/div>\n\t\t\t\t<\/div>\n\t\t\t\t<\/div>\n\t\t","protected":false},"excerpt":{"rendered":"<p>Ciudad Com\u00fan es una organizaci\u00f3n sin fines de lucro cuyo principal objetivo es promover una perspectiva cr\u00edtica de los estudios urbanos y [&hellip;]<\/p>\n","protected":false},"author":1,"featured_media":0,"parent":0,"menu_order":0,"comment_status":"closed","ping_status":"closed","template":"elementor_header_footer","meta":{"footnotes":""},"class_list":["post-1490","page","type-page","status-publish","hentry"],"yoast_head":"<!-- This site is optimized with the Yoast SEO plugin v27.4 - https:\/\/yoast.com\/product\/yoast-seo-wordpress\/ -->\n<title>Ciudad Comun - Plataforma Chilena de la Sociedad Civil de Derechos Humanos y Empresas<\/title>\n<meta name=\"robots\" content=\"index, follow, max-snippet:-1, max-image-preview:large, max-video-preview:-1\" \/>\n<link rel=\"canonical\" href=\"https:\/\/derechoshumanosyempresas.cl\/index.php\/ciudad-comun\/\" \/>\n<meta property=\"og:locale\" content=\"es_ES\" \/>\n<meta property=\"og:type\" content=\"article\" \/>\n<meta property=\"og:title\" content=\"Ciudad Comun - Plataforma Chilena de la Sociedad Civil de Derechos Humanos y Empresas\" \/>\n<meta property=\"og:description\" content=\"Ciudad Com\u00fan es una organizaci\u00f3n sin fines de lucro cuyo principal objetivo es promover una perspectiva cr\u00edtica de los estudios urbanos y [&hellip;]\" \/>\n<meta property=\"og:url\" content=\"https:\/\/derechoshumanosyempresas.cl\/index.php\/ciudad-comun\/\" \/>\n<meta property=\"og:site_name\" content=\"Plataforma Chilena de la Sociedad Civil de Derechos Humanos y Empresas\" \/>\n<meta property=\"article:modified_time\" content=\"2024-03-14T22:34:51+00:00\" \/>\n<meta property=\"og:image\" content=\"https:\/\/derechoshumanosyempresas.cl\/wp-content\/uploads\/2024\/02\/ciudad-comun.jpg\" \/>\n<meta name=\"twitter:card\" content=\"summary_large_image\" \/>\n<script type=\"application\/ld+json\" class=\"yoast-schema-graph\">{\"@context\":\"https:\\\/\\\/schema.org\",\"@graph\":[{\"@type\":\"WebPage\",\"@id\":\"https:\\\/\\\/derechoshumanosyempresas.cl\\\/index.php\\\/ciudad-comun\\\/\",\"url\":\"https:\\\/\\\/derechoshumanosyempresas.cl\\\/index.php\\\/ciudad-comun\\\/\",\"name\":\"Ciudad Comun - Plataforma Chilena de la Sociedad Civil de Derechos Humanos y Empresas\",\"isPartOf\":{\"@id\":\"https:\\\/\\\/derechoshumanosyempresas.cl\\\/#website\"},\"primaryImageOfPage\":{\"@id\":\"https:\\\/\\\/derechoshumanosyempresas.cl\\\/index.php\\\/ciudad-comun\\\/#primaryimage\"},\"image\":{\"@id\":\"https:\\\/\\\/derechoshumanosyempresas.cl\\\/index.php\\\/ciudad-comun\\\/#primaryimage\"},\"thumbnailUrl\":\"https:\\\/\\\/derechoshumanosyempresas.cl\\\/wp-content\\\/uploads\\\/2024\\\/02\\\/ciudad-comun.jpg\",\"datePublished\":\"2024-03-14T22:33:14+00:00\",\"dateModified\":\"2024-03-14T22:34:51+00:00\",\"breadcrumb\":{\"@id\":\"https:\\\/\\\/derechoshumanosyempresas.cl\\\/index.php\\\/ciudad-comun\\\/#breadcrumb\"},\"inLanguage\":\"es\",\"potentialAction\":[{\"@type\":\"ReadAction\",\"target\":[\"https:\\\/\\\/derechoshumanosyempresas.cl\\\/index.php\\\/ciudad-comun\\\/\"]}]},{\"@type\":\"ImageObject\",\"inLanguage\":\"es\",\"@id\":\"https:\\\/\\\/derechoshumanosyempresas.cl\\\/index.php\\\/ciudad-comun\\\/#primaryimage\",\"url\":\"https:\\\/\\\/derechoshumanosyempresas.cl\\\/wp-content\\\/uploads\\\/2024\\\/02\\\/ciudad-comun.jpg\",\"contentUrl\":\"https:\\\/\\\/derechoshumanosyempresas.cl\\\/wp-content\\\/uploads\\\/2024\\\/02\\\/ciudad-comun.jpg\",\"width\":300,\"height\":300},{\"@type\":\"BreadcrumbList\",\"@id\":\"https:\\\/\\\/derechoshumanosyempresas.cl\\\/index.php\\\/ciudad-comun\\\/#breadcrumb\",\"itemListElement\":[{\"@type\":\"ListItem\",\"position\":1,\"name\":\"Portada\",\"item\":\"https:\\\/\\\/derechoshumanosyempresas.cl\\\/\"},{\"@type\":\"ListItem\",\"position\":2,\"name\":\"Ciudad Comun\"}]},{\"@type\":\"WebSite\",\"@id\":\"https:\\\/\\\/derechoshumanosyempresas.cl\\\/#website\",\"url\":\"https:\\\/\\\/derechoshumanosyempresas.cl\\\/\",\"name\":\"Plataforma Chilena de la Sociedad Civil de Derechos Humanos y Empresas\",\"description\":\"\",\"potentialAction\":[{\"@type\":\"SearchAction\",\"target\":{\"@type\":\"EntryPoint\",\"urlTemplate\":\"https:\\\/\\\/derechoshumanosyempresas.cl\\\/?s={search_term_string}\"},\"query-input\":{\"@type\":\"PropertyValueSpecification\",\"valueRequired\":true,\"valueName\":\"search_term_string\"}}],\"inLanguage\":\"es\"}]}<\/script>\n<!-- \/ Yoast SEO plugin. -->","yoast_head_json":{"title":"Ciudad Comun - Plataforma Chilena de la Sociedad Civil de Derechos Humanos y Empresas","robots":{"index":"index","follow":"follow","max-snippet":"max-snippet:-1","max-image-preview":"max-image-preview:large","max-video-preview":"max-video-preview:-1"},"canonical":"https:\/\/derechoshumanosyempresas.cl\/index.php\/ciudad-comun\/","og_locale":"es_ES","og_type":"article","og_title":"Ciudad Comun - Plataforma Chilena de la Sociedad Civil de Derechos Humanos y Empresas","og_description":"Ciudad Com\u00fan es una organizaci\u00f3n sin fines de lucro cuyo principal objetivo es promover una perspectiva cr\u00edtica de los estudios urbanos y [&hellip;]","og_url":"https:\/\/derechoshumanosyempresas.cl\/index.php\/ciudad-comun\/","og_site_name":"Plataforma Chilena de la Sociedad Civil de Derechos Humanos y Empresas","article_modified_time":"2024-03-14T22:34:51+00:00","og_image":[{"url":"https:\/\/derechoshumanosyempresas.cl\/wp-content\/uploads\/2024\/02\/ciudad-comun.jpg","type":"","width":"","height":""}],"twitter_card":"summary_large_image","schema":{"@context":"https:\/\/schema.org","@graph":[{"@type":"WebPage","@id":"https:\/\/derechoshumanosyempresas.cl\/index.php\/ciudad-comun\/","url":"https:\/\/derechoshumanosyempresas.cl\/index.php\/ciudad-comun\/","name":"Ciudad Comun - Plataforma Chilena de la Sociedad Civil de Derechos Humanos y Empresas","isPartOf":{"@id":"https:\/\/derechoshumanosyempresas.cl\/#website"},"primaryImageOfPage":{"@id":"https:\/\/derechoshumanosyempresas.cl\/index.php\/ciudad-comun\/#primaryimage"},"image":{"@id":"https:\/\/derechoshumanosyempresas.cl\/index.php\/ciudad-comun\/#primaryimage"},"thumbnailUrl":"https:\/\/derechoshumanosyempresas.cl\/wp-content\/uploads\/2024\/02\/ciudad-comun.jpg","datePublished":"2024-03-14T22:33:14+00:00","dateModified":"2024-03-14T22:34:51+00:00","breadcrumb":{"@id":"https:\/\/derechoshumanosyempresas.cl\/index.php\/ciudad-comun\/#breadcrumb"},"inLanguage":"es","potentialAction":[{"@type":"ReadAction","target":["https:\/\/derechoshumanosyempresas.cl\/index.php\/ciudad-comun\/"]}]},{"@type":"ImageObject","inLanguage":"es","@id":"https:\/\/derechoshumanosyempresas.cl\/index.php\/ciudad-comun\/#primaryimage","url":"https:\/\/derechoshumanosyempresas.cl\/wp-content\/uploads\/2024\/02\/ciudad-comun.jpg","contentUrl":"https:\/\/derechoshumanosyempresas.cl\/wp-content\/uploads\/2024\/02\/ciudad-comun.jpg","width":300,"height":300},{"@type":"BreadcrumbList","@id":"https:\/\/derechoshumanosyempresas.cl\/index.php\/ciudad-comun\/#breadcrumb","itemListElement":[{"@type":"ListItem","position":1,"name":"Portada","item":"https:\/\/derechoshumanosyempresas.cl\/"},{"@type":"ListItem","position":2,"name":"Ciudad Comun"}]},{"@type":"WebSite","@id":"https:\/\/derechoshumanosyempresas.cl\/#website","url":"https:\/\/derechoshumanosyempresas.cl\/","name":"Plataforma Chilena de la Sociedad Civil de Derechos Humanos y Empresas","description":"","potentialAction":[{"@type":"SearchAction","target":{"@type":"EntryPoint","urlTemplate":"https:\/\/derechoshumanosyempresas.cl\/?s={search_term_string}"},"query-input":{"@type":"PropertyValueSpecification","valueRequired":true,"valueName":"search_term_string"}}],"inLanguage":"es"}]}},"wpmagazine_modules_lite_featured_media_urls":{"thumbnail":"","cvmm-medium":"","cvmm-medium-plus":"","cvmm-portrait":"","cvmm-medium-square":"","cvmm-large":"","cvmm-small":"","full":""},"categories_names":null,"comments_number":"0","_links":{"self":[{"href":"https:\/\/derechoshumanosyempresas.cl\/index.php\/wp-json\/wp\/v2\/pages\/1490","targetHints":{"allow":["GET"]}}],"collection":[{"href":"https:\/\/derechoshumanosyempresas.cl\/index.php\/wp-json\/wp\/v2\/pages"}],"about":[{"href":"https:\/\/derechoshumanosyempresas.cl\/index.php\/wp-json\/wp\/v2\/types\/page"}],"author":[{"embeddable":true,"href":"https:\/\/derechoshumanosyempresas.cl\/index.php\/wp-json\/wp\/v2\/users\/1"}],"replies":[{"embeddable":true,"href":"https:\/\/derechoshumanosyempresas.cl\/index.php\/wp-json\/wp\/v2\/comments?post=1490"}],"version-history":[{"count":0,"href":"https:\/\/derechoshumanosyempresas.cl\/index.php\/wp-json\/wp\/v2\/pages\/1490\/revisions"}],"wp:attachment":[{"href":"https:\/\/derechoshumanosyempresas.cl\/index.php\/wp-json\/wp\/v2\/media?parent=1490"}],"curies":[{"name":"wp","href":"https:\/\/api.w.org\/{rel}","templated":true}]}}

<div data-elementor-type="wp-page" data-elementor-id="1490" class="elementor elementor-1490">
				<div class="elementor-element elementor-element-240deac e-flex e-con-boxed e-con e-parent" data-id="240deac" data-element_type="container" data-e-type="container">
					<div class="e-con-inner">
		<div class="elementor-element elementor-element-90fc978 e-con-full e-flex e-con e-child" data-id="90fc978" data-element_type="container" data-e-type="container">
				<div class="elementor-element elementor-element-6a0ece2 elementor-widget elementor-widget-image" data-id="6a0ece2" data-element_type="widget" data-e-type="widget" data-widget_type="image.default">
				<div class="elementor-widget-container">
															<img fetchpriority="high" decoding="async" width="300" height="300" src="https://derechoshumanosyempresas.cl/wp-content/uploads/2024/02/ciudad-comun.jpg" class="attachment-large size-large wp-image-926" alt="" srcset="https://derechoshumanosyempresas.cl/wp-content/uploads/2024/02/ciudad-comun.jpg 300w, https://derechoshumanosyempresas.cl/wp-content/uploads/2024/02/ciudad-comun-150x150.jpg 150w, https://derechoshumanosyempresas.cl/wp-content/uploads/2024/02/ciudad-comun-230x230.jpg 230w" sizes="(max-width: 300px) 100vw, 300px" />															</div>
				</div>
				</div>
		<div class="elementor-element elementor-element-c34d76e e-con-full e-flex e-con e-child" data-id="c34d76e" data-element_type="container" data-e-type="container">
				<div class="elementor-element elementor-element-15c98e0 elementor-widget elementor-widget-text-editor" data-id="15c98e0" data-element_type="widget" data-e-type="widget" data-widget_type="text-editor.default">
				<div class="elementor-widget-container">
									<p style="text-align: justify;">Ciudad Común es una organización sin fines de lucro cuyo principal objetivo es promover una perspectiva crítica de los estudios urbanos y habitacionales en Chile y Latinoamérica. Como centro de estudios, la Corporación Ciudad Común está compuesto por académicos, activistas y técnicos de políticas públicas que creen en la justicia socio ambiental y el derecho a la ciudad.</p><ul><li><strong>Página Web: </strong>www.ciudadcomun.org</li><li><strong>Facebook: </strong>https://www.facebook.com/pg/CiudadComunCorporacion</li><li><strong>Twitter: </strong>https://twitter.com/laciudadcomun</li><li><strong>Instagram: </strong>ciudadcomun</li></ul>								</div>
				</div>
				</div>
					</div>
				</div>
		<div class="elementor-element elementor-element-d1ccb42 e-flex e-con-boxed e-con e-parent" data-id="d1ccb42" data-element_type="container" data-e-type="container">
					<div class="e-con-inner">
		<div class="elementor-element elementor-element-93badd5 e-flex e-con-boxed e-con e-child" data-id="93badd5" data-element_type="container" data-e-type="container">
					<div class="e-con-inner">
		<div class="elementor-element elementor-element-5b60a43 e-flex e-con-boxed e-con e-child" data-id="5b60a43" data-element_type="container" data-e-type="container">
					<div class="e-con-inner">
				<div class="elementor-element elementor-element-5d5f8b2 elementor-align-center elementor-widget elementor-widget-button" data-id="5d5f8b2" data-element_type="widget" data-e-type="widget" data-widget_type="button.default">
				<div class="elementor-widget-container">
									<div class="elementor-button-wrapper">
					<a class="elementor-button elementor-button-link elementor-size-sm" href="https://derechoshumanosyempresas.cl/index.php/organizaciones/">
						<span class="elementor-button-content-wrapper">
									<span class="elementor-button-text">+ ORGANIZACIONES AFILIADAS</span>
					</span>
					</a>
				</div>
								</div>
				</div>
					</div>
				</div>
					</div>
				</div>
					</div>
				</div>
				</div>

<p>Ciudad Común es una organización sin fines de lucro cuyo principal objetivo es promover una perspectiva crítica de los estudios urbanos y [&hellip;]</p>

<!-- This site is optimized with the Yoast SEO plugin v27.4 - https://yoast.com/product/yoast-seo-wordpress/ -->
<title>Ciudad Comun - Plataforma Chilena de la Sociedad Civil de Derechos Humanos y Empresas</title>
<meta name="robots" content="index, follow, max-snippet:-1, max-image-preview:large, max-video-preview:-1" />
<link rel="canonical" href="https://derechoshumanosyempresas.cl/index.php/ciudad-comun/" />
<meta property="og:locale" content="es_ES" />
<meta property="og:type" content="article" />
<meta property="og:title" content="Ciudad Comun - Plataforma Chilena de la Sociedad Civil de Derechos Humanos y Empresas" />
<meta property="og:description" content="Ciudad Común es una organización sin fines de lucro cuyo principal objetivo es promover una perspectiva crítica de los estudios urbanos y [&hellip;]" />
<meta property="og:url" content="https://derechoshumanosyempresas.cl/index.php/ciudad-comun/" />
<meta property="og:site_name" content="Plataforma Chilena de la Sociedad Civil de Derechos Humanos y Empresas" />
<meta property="article:modified_time" content="2024-03-14T22:34:51+00:00" />
<meta property="og:image" content="https://derechoshumanosyempresas.cl/wp-content/uploads/2024/02/ciudad-comun.jpg" />
<meta name="twitter:card" content="summary_large_image" />
<script type="application/ld+json" class="yoast-schema-graph">{"@context":"https:\/\/schema.org","@graph":[{"@type":"WebPage","@id":"https:\/\/derechoshumanosyempresas.cl\/index.php\/ciudad-comun\/","url":"https:\/\/derechoshumanosyempresas.cl\/index.php\/ciudad-comun\/","name":"Ciudad Comun - Plataforma Chilena de la Sociedad Civil de Derechos Humanos y Empresas","isPartOf":{"@id":"https:\/\/derechoshumanosyempresas.cl\/#website"},"primaryImageOfPage":{"@id":"https:\/\/derechoshumanosyempresas.cl\/index.php\/ciudad-comun\/#primaryimage"},"image":{"@id":"https:\/\/derechoshumanosyempresas.cl\/index.php\/ciudad-comun\/#primaryimage"},"thumbnailUrl":"https:\/\/derechoshumanosyempresas.cl\/wp-content\/uploads\/2024\/02\/ciudad-comun.jpg","datePublished":"2024-03-14T22:33:14+00:00","dateModified":"2024-03-14T22:34:51+00:00","breadcrumb":{"@id":"https:\/\/derechoshumanosyempresas.cl\/index.php\/ciudad-comun\/#breadcrumb"},"inLanguage":"es","potentialAction":[{"@type":"ReadAction","target":["https:\/\/derechoshumanosyempresas.cl\/index.php\/ciudad-comun\/"]}]},{"@type":"ImageObject","inLanguage":"es","@id":"https:\/\/derechoshumanosyempresas.cl\/index.php\/ciudad-comun\/#primaryimage","url":"https:\/\/derechoshumanosyempresas.cl\/wp-content\/uploads\/2024\/02\/ciudad-comun.jpg","contentUrl":"https:\/\/derechoshumanosyempresas.cl\/wp-content\/uploads\/2024\/02\/ciudad-comun.jpg","width":300,"height":300},{"@type":"BreadcrumbList","@id":"https:\/\/derechoshumanosyempresas.cl\/index.php\/ciudad-comun\/#breadcrumb","itemListElement":[{"@type":"ListItem","position":1,"name":"Portada","item":"https:\/\/derechoshumanosyempresas.cl\/"},{"@type":"ListItem","position":2,"name":"Ciudad Comun"}]},{"@type":"WebSite","@id":"https:\/\/derechoshumanosyempresas.cl\/#website","url":"https:\/\/derechoshumanosyempresas.cl\/","name":"Plataforma Chilena de la Sociedad Civil de Derechos Humanos y Empresas","description":"","potentialAction":[{"@type":"SearchAction","target":{"@type":"EntryPoint","urlTemplate":"https:\/\/derechoshumanosyempresas.cl\/?s={search_term_string}"},"query-input":{"@type":"PropertyValueSpecification","valueRequired":true,"valueName":"search_term_string"}}],"inLanguage":"es"}]}</script>
<!-- / Yoast SEO plugin. -->

Ciudad Común es una organización sin fines de lucro cuyo principal objetivo es promover una perspectiva crítica de los estudios urbanos y [&hellip;]
