{"id":914,"date":"2025-03-25T12:01:46","date_gmt":"2025-03-25T12:01:46","guid":{"rendered":"https:\/\/derechoshumanosyempresas.cl\/REDAR\/?page_id=914"},"modified":"2025-06-27T22:08:47","modified_gmt":"2025-06-28T02:08:47","slug":"que-esperamos-con-nuestra-intervencion","status":"publish","type":"page","link":"https:\/\/derechoshumanosyempresas.cl\/REDAR\/que-esperamos-con-nuestra-intervencion\/","title":{"rendered":"\u00bfQu\u00e9 esperamos con nuestra intervenci\u00f3n?"},"content":{"rendered":"\t\t<div data-elementor-type=\"wp-page\" data-elementor-id=\"914\" class=\"elementor elementor-914\">\n\t\t\t\t\t\t<section class=\"elementor-section elementor-top-section elementor-element elementor-element-fd2d0fe elementor-section-height-min-height elementor-section-boxed elementor-section-height-default elementor-section-items-middle\" data-id=\"fd2d0fe\" data-element_type=\"section\" data-e-type=\"section\" data-settings=\"{&quot;background_background&quot;:&quot;slideshow&quot;,&quot;background_slideshow_gallery&quot;:[{&quot;id&quot;:816,&quot;url&quot;:&quot;https:\\\/\\\/derechoshumanosyempresas.cl\\\/REDAR\\\/wp-content\\\/uploads\\\/2025\\\/03\\\/Depositphotos_173782490_L.jpg&quot;},{&quot;id&quot;:820,&quot;url&quot;:&quot;https:\\\/\\\/derechoshumanosyempresas.cl\\\/REDAR\\\/wp-content\\\/uploads\\\/2025\\\/03\\\/Depositphotos_338478214_L.jpg&quot;}],&quot;background_slideshow_slide_duration&quot;:2000,&quot;background_slideshow_ken_burns&quot;:&quot;yes&quot;,&quot;background_slideshow_loop&quot;:&quot;yes&quot;,&quot;background_slideshow_slide_transition&quot;:&quot;fade&quot;,&quot;background_slideshow_transition_duration&quot;:500,&quot;background_slideshow_ken_burns_zoom_direction&quot;:&quot;in&quot;}\">\n\t\t\t\t\t\t\t<div class=\"elementor-background-overlay\"><\/div>\n\t\t\t\t\t\t\t<div class=\"elementor-container elementor-column-gap-default\">\n\t\t\t\t\t<div class=\"elementor-column elementor-col-100 elementor-top-column elementor-element elementor-element-4ebd9ae\" data-id=\"4ebd9ae\" data-element_type=\"column\" data-e-type=\"column\">\n\t\t\t<div class=\"elementor-widget-wrap\">\n\t\t\t\t\t\t\t<\/div>\n\t\t<\/div>\n\t\t\t\t\t<\/div>\n\t\t<\/section>\n\t\t<div class=\"elementor-element elementor-element-e999c65 e-flex e-con-boxed e-con e-parent\" data-id=\"e999c65\" data-element_type=\"container\" data-e-type=\"container\">\n\t\t\t\t\t<div class=\"e-con-inner\">\n\t\t\t\t<div class=\"elementor-element elementor-element-1c6ffc5 elementor-widget elementor-widget-heading\" data-id=\"1c6ffc5\" data-element_type=\"widget\" data-e-type=\"widget\" data-widget_type=\"heading.default\">\n\t\t\t\t<div class=\"elementor-widget-container\">\n\t\t\t\t\t<h2 class=\"elementor-heading-title elementor-size-default\">\u00bfQu\u00e9 esperamos con nuestra intervenci\u00f3n? <\/h2>\t\t\t\t<\/div>\n\t\t\t\t<\/div>\n\t\t\t\t\t<\/div>\n\t\t\t\t<\/div>\n\t\t<div class=\"elementor-element elementor-element-10a639df e-flex e-con-boxed e-con e-parent\" data-id=\"10a639df\" data-element_type=\"container\" data-e-type=\"container\">\n\t\t\t\t\t<div class=\"e-con-inner\">\n\t\t\t\t<div class=\"elementor-element elementor-element-ffe90d6 elementor-widget elementor-widget-text-editor\" data-id=\"ffe90d6\" data-element_type=\"widget\" data-e-type=\"widget\" data-widget_type=\"text-editor.default\">\n\t\t\t\t<div class=\"elementor-widget-container\">\n\t\t\t\t\t\t\t\t\t<p style=\"text-align: justify;\">Nuestro principal objetivo es mejorar el respeto de los derechos humanos por parte de las empresas en sus actividades, asegurando el cumplimiento y mejor\u00eda de la normativa nacional e internacional. Con ese horizonte, en nuestra intervenci\u00f3n se prioriza la articulaci\u00f3n y fortalecimiento de capacidades de la sociedad civil en el marco institucional de Derechos Humanos y Empresas, bajo el entendido que una mayor participaci\u00f3n en el dise\u00f1o e implementaci\u00f3n de la normativa es un aspecto clave para su cumplimiento y mejora.<\/p><p style=\"text-align: justify;\">Como resultado, esperamos una mejora significativa tanto en la cantidad de OSC y comunidades locales involucradas en este tipo de procesos, as\u00ed como un mayor impacto de sus estrategias de incidencia. Lo anterior, permitir\u00e1 asegurar un di\u00e1logo permanente de los tomadores de decisi\u00f3n en la materia, y la sensibilizaci\u00f3n de autoridades y el p\u00fablico general sobre la importancia del respeto de los derechos humanos en el \u00e1mbito empresarial.<\/p>\t\t\t\t\t\t\t\t<\/div>\n\t\t\t\t<\/div>\n\t\t\t\t\t<\/div>\n\t\t\t\t<\/div>\n\t\t<div class=\"elementor-element elementor-element-2ca19a6 e-flex e-con-boxed e-con e-parent\" data-id=\"2ca19a6\" data-element_type=\"container\" data-e-type=\"container\">\n\t\t\t\t\t<div class=\"e-con-inner\">\n\t\t<div class=\"elementor-element elementor-element-2b8e227 e-con-full e-flex e-con e-child\" data-id=\"2b8e227\" data-element_type=\"container\" data-e-type=\"container\">\n\t\t\t\t<div class=\"elementor-element elementor-element-b0413f6 elementor-widget elementor-widget-image\" data-id=\"b0413f6\" data-element_type=\"widget\" data-e-type=\"widget\" data-widget_type=\"image.default\">\n\t\t\t\t<div class=\"elementor-widget-container\">\n\t\t\t\t\t\t\t\t\t\t\t\t\t\t\t<img fetchpriority=\"high\" decoding=\"async\" width=\"300\" height=\"300\" src=\"https:\/\/derechoshumanosyempresas.cl\/REDAR\/wp-content\/uploads\/2025\/06\/u-europea-2025-redar.jpg\" class=\"attachment-large size-large wp-image-992\" alt=\"\" srcset=\"https:\/\/derechoshumanosyempresas.cl\/REDAR\/wp-content\/uploads\/2025\/06\/u-europea-2025-redar.jpg 300w, https:\/\/derechoshumanosyempresas.cl\/REDAR\/wp-content\/uploads\/2025\/06\/u-europea-2025-redar-150x150.jpg 150w, https:\/\/derechoshumanosyempresas.cl\/REDAR\/wp-content\/uploads\/2025\/06\/u-europea-2025-redar-230x230.jpg 230w\" sizes=\"(max-width: 300px) 100vw, 300px\" \/>\t\t\t\t\t\t\t\t\t\t\t\t\t\t\t<\/div>\n\t\t\t\t<\/div>\n\t\t\t\t<\/div>\n\t\t<div class=\"elementor-element elementor-element-656aedf e-con-full e-flex e-con e-child\" data-id=\"656aedf\" data-element_type=\"container\" data-e-type=\"container\">\n\t\t\t\t<div class=\"elementor-element elementor-element-0040dba elementor-widget elementor-widget-image\" data-id=\"0040dba\" data-element_type=\"widget\" data-e-type=\"widget\" data-widget_type=\"image.default\">\n\t\t\t\t<div class=\"elementor-widget-container\">\n\t\t\t\t\t\t\t\t\t\t\t\t\t\t\t<img decoding=\"async\" width=\"300\" height=\"300\" src=\"https:\/\/derechoshumanosyempresas.cl\/REDAR\/wp-content\/uploads\/2025\/06\/observatorio-2-2025-redar.jpg\" class=\"attachment-full size-full wp-image-994\" alt=\"\" srcset=\"https:\/\/derechoshumanosyempresas.cl\/REDAR\/wp-content\/uploads\/2025\/06\/observatorio-2-2025-redar.jpg 300w, https:\/\/derechoshumanosyempresas.cl\/REDAR\/wp-content\/uploads\/2025\/06\/observatorio-2-2025-redar-150x150.jpg 150w, https:\/\/derechoshumanosyempresas.cl\/REDAR\/wp-content\/uploads\/2025\/06\/observatorio-2-2025-redar-230x230.jpg 230w\" sizes=\"(max-width: 300px) 100vw, 300px\" \/>\t\t\t\t\t\t\t\t\t\t\t\t\t\t\t<\/div>\n\t\t\t\t<\/div>\n\t\t\t\t<\/div>\n\t\t<div class=\"elementor-element elementor-element-a42ef18 e-con-full e-flex e-con e-child\" data-id=\"a42ef18\" data-element_type=\"container\" data-e-type=\"container\">\n\t\t\t\t<div class=\"elementor-element elementor-element-008bfd4 elementor-widget elementor-widget-image\" data-id=\"008bfd4\" data-element_type=\"widget\" data-e-type=\"widget\" data-widget_type=\"image.default\">\n\t\t\t\t<div class=\"elementor-widget-container\">\n\t\t\t\t\t\t\t\t\t\t\t\t\t\t\t<img decoding=\"async\" width=\"300\" height=\"300\" src=\"https:\/\/derechoshumanosyempresas.cl\/REDAR\/wp-content\/uploads\/2025\/06\/centro-ddhh-2025-redar.jpg\" class=\"attachment-large size-large wp-image-989\" alt=\"\" srcset=\"https:\/\/derechoshumanosyempresas.cl\/REDAR\/wp-content\/uploads\/2025\/06\/centro-ddhh-2025-redar.jpg 300w, https:\/\/derechoshumanosyempresas.cl\/REDAR\/wp-content\/uploads\/2025\/06\/centro-ddhh-2025-redar-150x150.jpg 150w, https:\/\/derechoshumanosyempresas.cl\/REDAR\/wp-content\/uploads\/2025\/06\/centro-ddhh-2025-redar-230x230.jpg 230w\" sizes=\"(max-width: 300px) 100vw, 300px\" \/>\t\t\t\t\t\t\t\t\t\t\t\t\t\t\t<\/div>\n\t\t\t\t<\/div>\n\t\t\t\t<\/div>\n\t\t<div class=\"elementor-element elementor-element-0aa6f75 e-con-full e-flex e-con e-child\" data-id=\"0aa6f75\" data-element_type=\"container\" data-e-type=\"container\">\n\t\t\t\t<div class=\"elementor-element elementor-element-9e653d2 elementor-widget elementor-widget-image\" data-id=\"9e653d2\" data-element_type=\"widget\" data-e-type=\"widget\" data-widget_type=\"image.default\">\n\t\t\t\t<div class=\"elementor-widget-container\">\n\t\t\t\t\t\t\t\t\t\t\t\t\t\t\t<img loading=\"lazy\" decoding=\"async\" width=\"300\" height=\"300\" src=\"https:\/\/derechoshumanosyempresas.cl\/REDAR\/wp-content\/uploads\/2025\/06\/fima-2-2025-redar.jpg\" class=\"attachment-large size-large wp-image-993\" alt=\"\" srcset=\"https:\/\/derechoshumanosyempresas.cl\/REDAR\/wp-content\/uploads\/2025\/06\/fima-2-2025-redar.jpg 300w, https:\/\/derechoshumanosyempresas.cl\/REDAR\/wp-content\/uploads\/2025\/06\/fima-2-2025-redar-150x150.jpg 150w, https:\/\/derechoshumanosyempresas.cl\/REDAR\/wp-content\/uploads\/2025\/06\/fima-2-2025-redar-230x230.jpg 230w\" sizes=\"(max-width: 300px) 100vw, 300px\" \/>\t\t\t\t\t\t\t\t\t\t\t\t\t\t\t<\/div>\n\t\t\t\t<\/div>\n\t\t\t\t<\/div>\n\t\t\t\t\t<\/div>\n\t\t\t\t<\/div>\n\t\t<div class=\"elementor-element elementor-element-787f4c1 e-flex e-con-boxed e-con e-parent\" data-id=\"787f4c1\" data-element_type=\"container\" data-e-type=\"container\">\n\t\t\t\t\t<div class=\"e-con-inner\">\n\t\t<div class=\"elementor-element elementor-element-202a8a6 e-con-full e-flex e-con e-child\" data-id=\"202a8a6\" data-element_type=\"container\" data-e-type=\"container\">\n\t\t\t\t<\/div>\n\t\t<div class=\"elementor-element elementor-element-9f80e78 e-con-full e-flex e-con e-child\" data-id=\"9f80e78\" data-element_type=\"container\" data-e-type=\"container\">\n\t\t\t\t<div class=\"elementor-element elementor-element-5d4e1fc elementor-widget elementor-widget-image\" data-id=\"5d4e1fc\" data-element_type=\"widget\" data-e-type=\"widget\" data-widget_type=\"image.default\">\n\t\t\t\t<div class=\"elementor-widget-container\">\n\t\t\t\t\t\t\t\t\t\t\t\t\t\t\t<img loading=\"lazy\" decoding=\"async\" width=\"450\" height=\"103\" src=\"https:\/\/derechoshumanosyempresas.cl\/REDAR\/wp-content\/uploads\/2025\/03\/logo02.png\" class=\"attachment-large size-large wp-image-960\" alt=\"\" srcset=\"https:\/\/derechoshumanosyempresas.cl\/REDAR\/wp-content\/uploads\/2025\/03\/logo02.png 450w, https:\/\/derechoshumanosyempresas.cl\/REDAR\/wp-content\/uploads\/2025\/03\/logo02-300x69.png 300w, https:\/\/derechoshumanosyempresas.cl\/REDAR\/wp-content\/uploads\/2025\/03\/logo02-230x53.png 230w, https:\/\/derechoshumanosyempresas.cl\/REDAR\/wp-content\/uploads\/2025\/03\/logo02-350x80.png 350w\" sizes=\"(max-width: 450px) 100vw, 450px\" \/>\t\t\t\t\t\t\t\t\t\t\t\t\t\t\t<\/div>\n\t\t\t\t<\/div>\n\t\t\t\t<\/div>\n\t\t<div class=\"elementor-element elementor-element-ec38745 e-con-full e-flex e-con e-child\" data-id=\"ec38745\" data-element_type=\"container\" data-e-type=\"container\">\n\t\t\t\t<\/div>\n\t\t\t\t\t<\/div>\n\t\t\t\t<\/div>\n\t\t\t\t<\/div>\n\t\t","protected":false},"excerpt":{"rendered":"<p>\u00bfQu\u00e9 esperamos con nuestra intervenci\u00f3n? Nuestro principal objetivo es mejorar el respeto de los derechos humanos por parte de las empresas en [&hellip;]<\/p>\n","protected":false},"author":1,"featured_media":0,"parent":0,"menu_order":0,"comment_status":"closed","ping_status":"closed","template":"page-templates\/page_front-page.php","meta":{"footnotes":""},"class_list":["post-914","page","type-page","status-publish","hentry"],"_links":{"self":[{"href":"https:\/\/derechoshumanosyempresas.cl\/REDAR\/wp-json\/wp\/v2\/pages\/914","targetHints":{"allow":["GET"]}}],"collection":[{"href":"https:\/\/derechoshumanosyempresas.cl\/REDAR\/wp-json\/wp\/v2\/pages"}],"about":[{"href":"https:\/\/derechoshumanosyempresas.cl\/REDAR\/wp-json\/wp\/v2\/types\/page"}],"author":[{"embeddable":true,"href":"https:\/\/derechoshumanosyempresas.cl\/REDAR\/wp-json\/wp\/v2\/users\/1"}],"replies":[{"embeddable":true,"href":"https:\/\/derechoshumanosyempresas.cl\/REDAR\/wp-json\/wp\/v2\/comments?post=914"}],"version-history":[{"count":44,"href":"https:\/\/derechoshumanosyempresas.cl\/REDAR\/wp-json\/wp\/v2\/pages\/914\/revisions"}],"predecessor-version":[{"id":1277,"href":"https:\/\/derechoshumanosyempresas.cl\/REDAR\/wp-json\/wp\/v2\/pages\/914\/revisions\/1277"}],"wp:attachment":[{"href":"https:\/\/derechoshumanosyempresas.cl\/REDAR\/wp-json\/wp\/v2\/media?parent=914"}],"curies":[{"name":"wp","href":"https:\/\/api.w.org\/{rel}","templated":true}]}}

¿Qué esperamos con nuestra intervención?

<div data-elementor-type="wp-page" data-elementor-id="914" class="elementor elementor-914">
						<section class="elementor-section elementor-top-section elementor-element elementor-element-fd2d0fe elementor-section-height-min-height elementor-section-boxed elementor-section-height-default elementor-section-items-middle" data-id="fd2d0fe" data-element_type="section" data-e-type="section" data-settings="{&quot;background_background&quot;:&quot;slideshow&quot;,&quot;background_slideshow_gallery&quot;:[{&quot;id&quot;:816,&quot;url&quot;:&quot;https:\/\/derechoshumanosyempresas.cl\/REDAR\/wp-content\/uploads\/2025\/03\/Depositphotos_173782490_L.jpg&quot;},{&quot;id&quot;:820,&quot;url&quot;:&quot;https:\/\/derechoshumanosyempresas.cl\/REDAR\/wp-content\/uploads\/2025\/03\/Depositphotos_338478214_L.jpg&quot;}],&quot;background_slideshow_slide_duration&quot;:2000,&quot;background_slideshow_ken_burns&quot;:&quot;yes&quot;,&quot;background_slideshow_loop&quot;:&quot;yes&quot;,&quot;background_slideshow_slide_transition&quot;:&quot;fade&quot;,&quot;background_slideshow_transition_duration&quot;:500,&quot;background_slideshow_ken_burns_zoom_direction&quot;:&quot;in&quot;}">
							<div class="elementor-background-overlay"></div>
							<div class="elementor-container elementor-column-gap-default">
					<div class="elementor-column elementor-col-100 elementor-top-column elementor-element elementor-element-4ebd9ae" data-id="4ebd9ae" data-element_type="column" data-e-type="column">
			<div class="elementor-widget-wrap">
							</div>
		</div>
					</div>
		</section>
		<div class="elementor-element elementor-element-e999c65 e-flex e-con-boxed e-con e-parent" data-id="e999c65" data-element_type="container" data-e-type="container">
					<div class="e-con-inner">
				<div class="elementor-element elementor-element-1c6ffc5 elementor-widget elementor-widget-heading" data-id="1c6ffc5" data-element_type="widget" data-e-type="widget" data-widget_type="heading.default">
				<div class="elementor-widget-container">
					<h2 class="elementor-heading-title elementor-size-default">¿Qué esperamos con nuestra intervención? </h2>				</div>
				</div>
					</div>
				</div>
		<div class="elementor-element elementor-element-10a639df e-flex e-con-boxed e-con e-parent" data-id="10a639df" data-element_type="container" data-e-type="container">
					<div class="e-con-inner">
				<div class="elementor-element elementor-element-ffe90d6 elementor-widget elementor-widget-text-editor" data-id="ffe90d6" data-element_type="widget" data-e-type="widget" data-widget_type="text-editor.default">
				<div class="elementor-widget-container">
									<p style="text-align: justify;">Nuestro principal objetivo es mejorar el respeto de los derechos humanos por parte de las empresas en sus actividades, asegurando el cumplimiento y mejoría de la normativa nacional e internacional. Con ese horizonte, en nuestra intervención se prioriza la articulación y fortalecimiento de capacidades de la sociedad civil en el marco institucional de Derechos Humanos y Empresas, bajo el entendido que una mayor participación en el diseño e implementación de la normativa es un aspecto clave para su cumplimiento y mejora.</p><p style="text-align: justify;">Como resultado, esperamos una mejora significativa tanto en la cantidad de OSC y comunidades locales involucradas en este tipo de procesos, así como un mayor impacto de sus estrategias de incidencia. Lo anterior, permitirá asegurar un diálogo permanente de los tomadores de decisión en la materia, y la sensibilización de autoridades y el público general sobre la importancia del respeto de los derechos humanos en el ámbito empresarial.</p>								</div>
				</div>
					</div>
				</div>
		<div class="elementor-element elementor-element-2ca19a6 e-flex e-con-boxed e-con e-parent" data-id="2ca19a6" data-element_type="container" data-e-type="container">
					<div class="e-con-inner">
		<div class="elementor-element elementor-element-2b8e227 e-con-full e-flex e-con e-child" data-id="2b8e227" data-element_type="container" data-e-type="container">
				<div class="elementor-element elementor-element-b0413f6 elementor-widget elementor-widget-image" data-id="b0413f6" data-element_type="widget" data-e-type="widget" data-widget_type="image.default">
				<div class="elementor-widget-container">
															<img fetchpriority="high" decoding="async" width="300" height="300" src="https://derechoshumanosyempresas.cl/REDAR/wp-content/uploads/2025/06/u-europea-2025-redar.jpg" class="attachment-large size-large wp-image-992" alt="" srcset="https://derechoshumanosyempresas.cl/REDAR/wp-content/uploads/2025/06/u-europea-2025-redar.jpg 300w, https://derechoshumanosyempresas.cl/REDAR/wp-content/uploads/2025/06/u-europea-2025-redar-150x150.jpg 150w, https://derechoshumanosyempresas.cl/REDAR/wp-content/uploads/2025/06/u-europea-2025-redar-230x230.jpg 230w" sizes="(max-width: 300px) 100vw, 300px" />															</div>
				</div>
				</div>
		<div class="elementor-element elementor-element-656aedf e-con-full e-flex e-con e-child" data-id="656aedf" data-element_type="container" data-e-type="container">
				<div class="elementor-element elementor-element-0040dba elementor-widget elementor-widget-image" data-id="0040dba" data-element_type="widget" data-e-type="widget" data-widget_type="image.default">
				<div class="elementor-widget-container">
															<img decoding="async" width="300" height="300" src="https://derechoshumanosyempresas.cl/REDAR/wp-content/uploads/2025/06/observatorio-2-2025-redar.jpg" class="attachment-full size-full wp-image-994" alt="" srcset="https://derechoshumanosyempresas.cl/REDAR/wp-content/uploads/2025/06/observatorio-2-2025-redar.jpg 300w, https://derechoshumanosyempresas.cl/REDAR/wp-content/uploads/2025/06/observatorio-2-2025-redar-150x150.jpg 150w, https://derechoshumanosyempresas.cl/REDAR/wp-content/uploads/2025/06/observatorio-2-2025-redar-230x230.jpg 230w" sizes="(max-width: 300px) 100vw, 300px" />															</div>
				</div>
				</div>
		<div class="elementor-element elementor-element-a42ef18 e-con-full e-flex e-con e-child" data-id="a42ef18" data-element_type="container" data-e-type="container">
				<div class="elementor-element elementor-element-008bfd4 elementor-widget elementor-widget-image" data-id="008bfd4" data-element_type="widget" data-e-type="widget" data-widget_type="image.default">
				<div class="elementor-widget-container">
															<img decoding="async" width="300" height="300" src="https://derechoshumanosyempresas.cl/REDAR/wp-content/uploads/2025/06/centro-ddhh-2025-redar.jpg" class="attachment-large size-large wp-image-989" alt="" srcset="https://derechoshumanosyempresas.cl/REDAR/wp-content/uploads/2025/06/centro-ddhh-2025-redar.jpg 300w, https://derechoshumanosyempresas.cl/REDAR/wp-content/uploads/2025/06/centro-ddhh-2025-redar-150x150.jpg 150w, https://derechoshumanosyempresas.cl/REDAR/wp-content/uploads/2025/06/centro-ddhh-2025-redar-230x230.jpg 230w" sizes="(max-width: 300px) 100vw, 300px" />															</div>
				</div>
				</div>
		<div class="elementor-element elementor-element-0aa6f75 e-con-full e-flex e-con e-child" data-id="0aa6f75" data-element_type="container" data-e-type="container">
				<div class="elementor-element elementor-element-9e653d2 elementor-widget elementor-widget-image" data-id="9e653d2" data-element_type="widget" data-e-type="widget" data-widget_type="image.default">
				<div class="elementor-widget-container">
															<img loading="lazy" decoding="async" width="300" height="300" src="https://derechoshumanosyempresas.cl/REDAR/wp-content/uploads/2025/06/fima-2-2025-redar.jpg" class="attachment-large size-large wp-image-993" alt="" srcset="https://derechoshumanosyempresas.cl/REDAR/wp-content/uploads/2025/06/fima-2-2025-redar.jpg 300w, https://derechoshumanosyempresas.cl/REDAR/wp-content/uploads/2025/06/fima-2-2025-redar-150x150.jpg 150w, https://derechoshumanosyempresas.cl/REDAR/wp-content/uploads/2025/06/fima-2-2025-redar-230x230.jpg 230w" sizes="(max-width: 300px) 100vw, 300px" />															</div>
				</div>
				</div>
					</div>
				</div>
		<div class="elementor-element elementor-element-787f4c1 e-flex e-con-boxed e-con e-parent" data-id="787f4c1" data-element_type="container" data-e-type="container">
					<div class="e-con-inner">
		<div class="elementor-element elementor-element-202a8a6 e-con-full e-flex e-con e-child" data-id="202a8a6" data-element_type="container" data-e-type="container">
				</div>
		<div class="elementor-element elementor-element-9f80e78 e-con-full e-flex e-con e-child" data-id="9f80e78" data-element_type="container" data-e-type="container">
				<div class="elementor-element elementor-element-5d4e1fc elementor-widget elementor-widget-image" data-id="5d4e1fc" data-element_type="widget" data-e-type="widget" data-widget_type="image.default">
				<div class="elementor-widget-container">
															<img loading="lazy" decoding="async" width="450" height="103" src="https://derechoshumanosyempresas.cl/REDAR/wp-content/uploads/2025/03/logo02.png" class="attachment-large size-large wp-image-960" alt="" srcset="https://derechoshumanosyempresas.cl/REDAR/wp-content/uploads/2025/03/logo02.png 450w, https://derechoshumanosyempresas.cl/REDAR/wp-content/uploads/2025/03/logo02-300x69.png 300w, https://derechoshumanosyempresas.cl/REDAR/wp-content/uploads/2025/03/logo02-230x53.png 230w, https://derechoshumanosyempresas.cl/REDAR/wp-content/uploads/2025/03/logo02-350x80.png 350w" sizes="(max-width: 450px) 100vw, 450px" />															</div>
				</div>
				</div>
		<div class="elementor-element elementor-element-ec38745 e-con-full e-flex e-con e-child" data-id="ec38745" data-element_type="container" data-e-type="container">
				</div>
					</div>
				</div>
				</div>

<p>¿Qué esperamos con nuestra intervención? Nuestro principal objetivo es mejorar el respeto de los derechos humanos por parte de las empresas en [&hellip;]</p>
