{"id":911,"date":"2025-03-25T12:00:46","date_gmt":"2025-03-25T12:00:46","guid":{"rendered":"https:\/\/derechoshumanosyempresas.cl\/REDAR\/?page_id=911"},"modified":"2025-06-27T22:08:02","modified_gmt":"2025-06-28T02:08:02","slug":"donde-es-nuestra-intervencion","status":"publish","type":"page","link":"https:\/\/derechoshumanosyempresas.cl\/REDAR\/donde-es-nuestra-intervencion\/","title":{"rendered":"\u00bfD\u00f3nde es nuestra intervenci\u00f3n?"},"content":{"rendered":"\t\t<div data-elementor-type=\"wp-page\" data-elementor-id=\"911\" class=\"elementor elementor-911\">\n\t\t\t\t\t\t<section class=\"elementor-section elementor-top-section elementor-element elementor-element-da6a0b9 elementor-section-height-min-height elementor-section-boxed elementor-section-height-default elementor-section-items-middle\" data-id=\"da6a0b9\" data-element_type=\"section\" data-e-type=\"section\" data-settings=\"{&quot;background_background&quot;:&quot;slideshow&quot;,&quot;background_slideshow_gallery&quot;:[{&quot;id&quot;:816,&quot;url&quot;:&quot;https:\\\/\\\/derechoshumanosyempresas.cl\\\/REDAR\\\/wp-content\\\/uploads\\\/2025\\\/03\\\/Depositphotos_173782490_L.jpg&quot;},{&quot;id&quot;:820,&quot;url&quot;:&quot;https:\\\/\\\/derechoshumanosyempresas.cl\\\/REDAR\\\/wp-content\\\/uploads\\\/2025\\\/03\\\/Depositphotos_338478214_L.jpg&quot;}],&quot;background_slideshow_slide_duration&quot;:2000,&quot;background_slideshow_ken_burns&quot;:&quot;yes&quot;,&quot;background_slideshow_loop&quot;:&quot;yes&quot;,&quot;background_slideshow_slide_transition&quot;:&quot;fade&quot;,&quot;background_slideshow_transition_duration&quot;:500,&quot;background_slideshow_ken_burns_zoom_direction&quot;:&quot;in&quot;}\">\n\t\t\t\t\t\t\t<div class=\"elementor-background-overlay\"><\/div>\n\t\t\t\t\t\t\t<div class=\"elementor-container elementor-column-gap-default\">\n\t\t\t\t\t<div class=\"elementor-column elementor-col-100 elementor-top-column elementor-element elementor-element-2943101\" data-id=\"2943101\" data-element_type=\"column\" data-e-type=\"column\">\n\t\t\t<div class=\"elementor-widget-wrap\">\n\t\t\t\t\t\t\t<\/div>\n\t\t<\/div>\n\t\t\t\t\t<\/div>\n\t\t<\/section>\n\t\t<div class=\"elementor-element elementor-element-767b417 e-flex e-con-boxed e-con e-parent\" data-id=\"767b417\" data-element_type=\"container\" data-e-type=\"container\">\n\t\t\t\t\t<div class=\"e-con-inner\">\n\t\t\t\t<div class=\"elementor-element elementor-element-93fc91d elementor-widget elementor-widget-heading\" data-id=\"93fc91d\" data-element_type=\"widget\" data-e-type=\"widget\" data-widget_type=\"heading.default\">\n\t\t\t\t<div class=\"elementor-widget-container\">\n\t\t\t\t\t<h2 class=\"elementor-heading-title elementor-size-default\">\u00bfD\u00f3nde es nuestra intervenci\u00f3n?<\/h2>\t\t\t\t<\/div>\n\t\t\t\t<\/div>\n\t\t\t\t\t<\/div>\n\t\t\t\t<\/div>\n\t\t<div class=\"elementor-element elementor-element-130bef65 e-flex e-con-boxed e-con e-parent\" data-id=\"130bef65\" data-element_type=\"container\" data-e-type=\"container\">\n\t\t\t\t\t<div class=\"e-con-inner\">\n\t\t\t\t<div class=\"elementor-element elementor-element-6c9f6687 elementor-widget elementor-widget-text-editor\" data-id=\"6c9f6687\" data-element_type=\"widget\" data-e-type=\"widget\" data-widget_type=\"text-editor.default\">\n\t\t\t\t<div class=\"elementor-widget-container\">\n\t\t\t\t\t\t\t\t\t<p style=\"text-align: justify;\">Nuestra intervenci\u00f3n tiene un foco a nivel nacional, desarroll\u00e1ndose en colaboraci\u00f3n con la Plataforma de la Sociedad Civil sobre Derechos Humanos y Empresas y las distintas organizaciones que la conforman. A su vez, esta acci\u00f3n busca alcanzar un foco importante en ciertas localidades del pa\u00eds que se vean enfrentadas a casos de vulneraciones de derechos humanos en contexto de actividad empresarial. Adicionalmente, las organizaciones que coordinan el proyecto y la Plataforma est\u00e1n en constante coordinaci\u00f3n con espacios regionales e internacionales de Derechos Humanos y Empresas, como el Foro Regional y el Foro Internacional, lo que favorece el intercambio de experiencias y el fortalecimiento de las estrategias de incidencia en espacios de toma de decisi\u00f3n de escala internacional.<\/p>\t\t\t\t\t\t\t\t<\/div>\n\t\t\t\t<\/div>\n\t\t\t\t\t<\/div>\n\t\t\t\t<\/div>\n\t\t<div class=\"elementor-element elementor-element-21400ea e-flex e-con-boxed e-con e-parent\" data-id=\"21400ea\" data-element_type=\"container\" data-e-type=\"container\">\n\t\t\t\t\t<div class=\"e-con-inner\">\n\t\t<div class=\"elementor-element elementor-element-b8f2b2f e-con-full e-flex e-con e-child\" data-id=\"b8f2b2f\" data-element_type=\"container\" data-e-type=\"container\">\n\t\t\t\t<div class=\"elementor-element elementor-element-8c173a2 elementor-widget elementor-widget-image\" data-id=\"8c173a2\" data-element_type=\"widget\" data-e-type=\"widget\" data-widget_type=\"image.default\">\n\t\t\t\t<div class=\"elementor-widget-container\">\n\t\t\t\t\t\t\t\t\t\t\t\t\t\t\t<img fetchpriority=\"high\" decoding=\"async\" width=\"300\" height=\"300\" src=\"https:\/\/derechoshumanosyempresas.cl\/REDAR\/wp-content\/uploads\/2025\/06\/u-europea-2025-redar.jpg\" class=\"attachment-large size-large wp-image-992\" alt=\"\" srcset=\"https:\/\/derechoshumanosyempresas.cl\/REDAR\/wp-content\/uploads\/2025\/06\/u-europea-2025-redar.jpg 300w, https:\/\/derechoshumanosyempresas.cl\/REDAR\/wp-content\/uploads\/2025\/06\/u-europea-2025-redar-150x150.jpg 150w, https:\/\/derechoshumanosyempresas.cl\/REDAR\/wp-content\/uploads\/2025\/06\/u-europea-2025-redar-230x230.jpg 230w\" sizes=\"(max-width: 300px) 100vw, 300px\" \/>\t\t\t\t\t\t\t\t\t\t\t\t\t\t\t<\/div>\n\t\t\t\t<\/div>\n\t\t\t\t<\/div>\n\t\t<div class=\"elementor-element elementor-element-4d4436f e-con-full e-flex e-con e-child\" data-id=\"4d4436f\" data-element_type=\"container\" data-e-type=\"container\">\n\t\t\t\t<div class=\"elementor-element elementor-element-b8de9cf elementor-widget elementor-widget-image\" data-id=\"b8de9cf\" data-element_type=\"widget\" data-e-type=\"widget\" data-widget_type=\"image.default\">\n\t\t\t\t<div class=\"elementor-widget-container\">\n\t\t\t\t\t\t\t\t\t\t\t\t\t\t\t<img decoding=\"async\" width=\"300\" height=\"300\" src=\"https:\/\/derechoshumanosyempresas.cl\/REDAR\/wp-content\/uploads\/2025\/06\/observatorio-2-2025-redar.jpg\" class=\"attachment-full size-full wp-image-994\" alt=\"\" srcset=\"https:\/\/derechoshumanosyempresas.cl\/REDAR\/wp-content\/uploads\/2025\/06\/observatorio-2-2025-redar.jpg 300w, https:\/\/derechoshumanosyempresas.cl\/REDAR\/wp-content\/uploads\/2025\/06\/observatorio-2-2025-redar-150x150.jpg 150w, https:\/\/derechoshumanosyempresas.cl\/REDAR\/wp-content\/uploads\/2025\/06\/observatorio-2-2025-redar-230x230.jpg 230w\" sizes=\"(max-width: 300px) 100vw, 300px\" \/>\t\t\t\t\t\t\t\t\t\t\t\t\t\t\t<\/div>\n\t\t\t\t<\/div>\n\t\t\t\t<\/div>\n\t\t<div class=\"elementor-element elementor-element-59306f5 e-con-full e-flex e-con e-child\" data-id=\"59306f5\" data-element_type=\"container\" data-e-type=\"container\">\n\t\t\t\t<div class=\"elementor-element elementor-element-4c6d535 elementor-widget elementor-widget-image\" data-id=\"4c6d535\" data-element_type=\"widget\" data-e-type=\"widget\" data-widget_type=\"image.default\">\n\t\t\t\t<div class=\"elementor-widget-container\">\n\t\t\t\t\t\t\t\t\t\t\t\t\t\t\t<img decoding=\"async\" width=\"300\" height=\"300\" src=\"https:\/\/derechoshumanosyempresas.cl\/REDAR\/wp-content\/uploads\/2025\/06\/centro-ddhh-2025-redar.jpg\" class=\"attachment-large size-large wp-image-989\" alt=\"\" srcset=\"https:\/\/derechoshumanosyempresas.cl\/REDAR\/wp-content\/uploads\/2025\/06\/centro-ddhh-2025-redar.jpg 300w, https:\/\/derechoshumanosyempresas.cl\/REDAR\/wp-content\/uploads\/2025\/06\/centro-ddhh-2025-redar-150x150.jpg 150w, https:\/\/derechoshumanosyempresas.cl\/REDAR\/wp-content\/uploads\/2025\/06\/centro-ddhh-2025-redar-230x230.jpg 230w\" sizes=\"(max-width: 300px) 100vw, 300px\" \/>\t\t\t\t\t\t\t\t\t\t\t\t\t\t\t<\/div>\n\t\t\t\t<\/div>\n\t\t\t\t<\/div>\n\t\t<div class=\"elementor-element elementor-element-5055dc8 e-con-full e-flex e-con e-child\" data-id=\"5055dc8\" data-element_type=\"container\" data-e-type=\"container\">\n\t\t\t\t<div class=\"elementor-element elementor-element-0286763 elementor-widget elementor-widget-image\" data-id=\"0286763\" data-element_type=\"widget\" data-e-type=\"widget\" data-widget_type=\"image.default\">\n\t\t\t\t<div class=\"elementor-widget-container\">\n\t\t\t\t\t\t\t\t\t\t\t\t\t\t\t<img loading=\"lazy\" decoding=\"async\" width=\"300\" height=\"300\" src=\"https:\/\/derechoshumanosyempresas.cl\/REDAR\/wp-content\/uploads\/2025\/06\/fima-2-2025-redar.jpg\" class=\"attachment-large size-large wp-image-993\" alt=\"\" srcset=\"https:\/\/derechoshumanosyempresas.cl\/REDAR\/wp-content\/uploads\/2025\/06\/fima-2-2025-redar.jpg 300w, https:\/\/derechoshumanosyempresas.cl\/REDAR\/wp-content\/uploads\/2025\/06\/fima-2-2025-redar-150x150.jpg 150w, https:\/\/derechoshumanosyempresas.cl\/REDAR\/wp-content\/uploads\/2025\/06\/fima-2-2025-redar-230x230.jpg 230w\" sizes=\"(max-width: 300px) 100vw, 300px\" \/>\t\t\t\t\t\t\t\t\t\t\t\t\t\t\t<\/div>\n\t\t\t\t<\/div>\n\t\t\t\t<\/div>\n\t\t\t\t\t<\/div>\n\t\t\t\t<\/div>\n\t\t<div class=\"elementor-element elementor-element-67fe8b2 e-flex e-con-boxed e-con e-parent\" data-id=\"67fe8b2\" data-element_type=\"container\" data-e-type=\"container\">\n\t\t\t\t\t<div class=\"e-con-inner\">\n\t\t<div class=\"elementor-element elementor-element-4ca2942 e-con-full e-flex e-con e-child\" data-id=\"4ca2942\" data-element_type=\"container\" data-e-type=\"container\">\n\t\t\t\t<\/div>\n\t\t<div class=\"elementor-element elementor-element-6066889 e-con-full e-flex e-con e-child\" data-id=\"6066889\" data-element_type=\"container\" data-e-type=\"container\">\n\t\t\t\t<div class=\"elementor-element elementor-element-8431875 elementor-widget elementor-widget-image\" data-id=\"8431875\" data-element_type=\"widget\" data-e-type=\"widget\" data-widget_type=\"image.default\">\n\t\t\t\t<div class=\"elementor-widget-container\">\n\t\t\t\t\t\t\t\t\t\t\t\t\t\t\t<img loading=\"lazy\" decoding=\"async\" width=\"450\" height=\"103\" src=\"https:\/\/derechoshumanosyempresas.cl\/REDAR\/wp-content\/uploads\/2025\/03\/logo02.png\" class=\"attachment-large size-large wp-image-960\" alt=\"\" srcset=\"https:\/\/derechoshumanosyempresas.cl\/REDAR\/wp-content\/uploads\/2025\/03\/logo02.png 450w, https:\/\/derechoshumanosyempresas.cl\/REDAR\/wp-content\/uploads\/2025\/03\/logo02-300x69.png 300w, https:\/\/derechoshumanosyempresas.cl\/REDAR\/wp-content\/uploads\/2025\/03\/logo02-230x53.png 230w, https:\/\/derechoshumanosyempresas.cl\/REDAR\/wp-content\/uploads\/2025\/03\/logo02-350x80.png 350w\" sizes=\"(max-width: 450px) 100vw, 450px\" \/>\t\t\t\t\t\t\t\t\t\t\t\t\t\t\t<\/div>\n\t\t\t\t<\/div>\n\t\t\t\t<\/div>\n\t\t<div class=\"elementor-element elementor-element-0ce8f1d e-con-full e-flex e-con e-child\" data-id=\"0ce8f1d\" data-element_type=\"container\" data-e-type=\"container\">\n\t\t\t\t<\/div>\n\t\t\t\t\t<\/div>\n\t\t\t\t<\/div>\n\t\t\t\t<\/div>\n\t\t","protected":false},"excerpt":{"rendered":"<p>\u00bfD\u00f3nde es nuestra intervenci\u00f3n? Nuestra intervenci\u00f3n tiene un foco a nivel nacional, desarroll\u00e1ndose en colaboraci\u00f3n con la Plataforma de la Sociedad Civil [&hellip;]<\/p>\n","protected":false},"author":1,"featured_media":0,"parent":0,"menu_order":0,"comment_status":"closed","ping_status":"closed","template":"page-templates\/page_front-page.php","meta":{"footnotes":""},"class_list":["post-911","page","type-page","status-publish","hentry"],"_links":{"self":[{"href":"https:\/\/derechoshumanosyempresas.cl\/REDAR\/wp-json\/wp\/v2\/pages\/911","targetHints":{"allow":["GET"]}}],"collection":[{"href":"https:\/\/derechoshumanosyempresas.cl\/REDAR\/wp-json\/wp\/v2\/pages"}],"about":[{"href":"https:\/\/derechoshumanosyempresas.cl\/REDAR\/wp-json\/wp\/v2\/types\/page"}],"author":[{"embeddable":true,"href":"https:\/\/derechoshumanosyempresas.cl\/REDAR\/wp-json\/wp\/v2\/users\/1"}],"replies":[{"embeddable":true,"href":"https:\/\/derechoshumanosyempresas.cl\/REDAR\/wp-json\/wp\/v2\/comments?post=911"}],"version-history":[{"count":26,"href":"https:\/\/derechoshumanosyempresas.cl\/REDAR\/wp-json\/wp\/v2\/pages\/911\/revisions"}],"predecessor-version":[{"id":1274,"href":"https:\/\/derechoshumanosyempresas.cl\/REDAR\/wp-json\/wp\/v2\/pages\/911\/revisions\/1274"}],"wp:attachment":[{"href":"https:\/\/derechoshumanosyempresas.cl\/REDAR\/wp-json\/wp\/v2\/media?parent=911"}],"curies":[{"name":"wp","href":"https:\/\/api.w.org\/{rel}","templated":true}]}}

¿Dónde es nuestra intervención?

<div data-elementor-type="wp-page" data-elementor-id="911" class="elementor elementor-911">
						<section class="elementor-section elementor-top-section elementor-element elementor-element-da6a0b9 elementor-section-height-min-height elementor-section-boxed elementor-section-height-default elementor-section-items-middle" data-id="da6a0b9" data-element_type="section" data-e-type="section" data-settings="{&quot;background_background&quot;:&quot;slideshow&quot;,&quot;background_slideshow_gallery&quot;:[{&quot;id&quot;:816,&quot;url&quot;:&quot;https:\/\/derechoshumanosyempresas.cl\/REDAR\/wp-content\/uploads\/2025\/03\/Depositphotos_173782490_L.jpg&quot;},{&quot;id&quot;:820,&quot;url&quot;:&quot;https:\/\/derechoshumanosyempresas.cl\/REDAR\/wp-content\/uploads\/2025\/03\/Depositphotos_338478214_L.jpg&quot;}],&quot;background_slideshow_slide_duration&quot;:2000,&quot;background_slideshow_ken_burns&quot;:&quot;yes&quot;,&quot;background_slideshow_loop&quot;:&quot;yes&quot;,&quot;background_slideshow_slide_transition&quot;:&quot;fade&quot;,&quot;background_slideshow_transition_duration&quot;:500,&quot;background_slideshow_ken_burns_zoom_direction&quot;:&quot;in&quot;}">
							<div class="elementor-background-overlay"></div>
							<div class="elementor-container elementor-column-gap-default">
					<div class="elementor-column elementor-col-100 elementor-top-column elementor-element elementor-element-2943101" data-id="2943101" data-element_type="column" data-e-type="column">
			<div class="elementor-widget-wrap">
							</div>
		</div>
					</div>
		</section>
		<div class="elementor-element elementor-element-767b417 e-flex e-con-boxed e-con e-parent" data-id="767b417" data-element_type="container" data-e-type="container">
					<div class="e-con-inner">
				<div class="elementor-element elementor-element-93fc91d elementor-widget elementor-widget-heading" data-id="93fc91d" data-element_type="widget" data-e-type="widget" data-widget_type="heading.default">
				<div class="elementor-widget-container">
					<h2 class="elementor-heading-title elementor-size-default">¿Dónde es nuestra intervención?</h2>				</div>
				</div>
					</div>
				</div>
		<div class="elementor-element elementor-element-130bef65 e-flex e-con-boxed e-con e-parent" data-id="130bef65" data-element_type="container" data-e-type="container">
					<div class="e-con-inner">
				<div class="elementor-element elementor-element-6c9f6687 elementor-widget elementor-widget-text-editor" data-id="6c9f6687" data-element_type="widget" data-e-type="widget" data-widget_type="text-editor.default">
				<div class="elementor-widget-container">
									<p style="text-align: justify;">Nuestra intervención tiene un foco a nivel nacional, desarrollándose en colaboración con la Plataforma de la Sociedad Civil sobre Derechos Humanos y Empresas y las distintas organizaciones que la conforman. A su vez, esta acción busca alcanzar un foco importante en ciertas localidades del país que se vean enfrentadas a casos de vulneraciones de derechos humanos en contexto de actividad empresarial. Adicionalmente, las organizaciones que coordinan el proyecto y la Plataforma están en constante coordinación con espacios regionales e internacionales de Derechos Humanos y Empresas, como el Foro Regional y el Foro Internacional, lo que favorece el intercambio de experiencias y el fortalecimiento de las estrategias de incidencia en espacios de toma de decisión de escala internacional.</p>								</div>
				</div>
					</div>
				</div>
		<div class="elementor-element elementor-element-21400ea e-flex e-con-boxed e-con e-parent" data-id="21400ea" data-element_type="container" data-e-type="container">
					<div class="e-con-inner">
		<div class="elementor-element elementor-element-b8f2b2f e-con-full e-flex e-con e-child" data-id="b8f2b2f" data-element_type="container" data-e-type="container">
				<div class="elementor-element elementor-element-8c173a2 elementor-widget elementor-widget-image" data-id="8c173a2" data-element_type="widget" data-e-type="widget" data-widget_type="image.default">
				<div class="elementor-widget-container">
															<img fetchpriority="high" decoding="async" width="300" height="300" src="https://derechoshumanosyempresas.cl/REDAR/wp-content/uploads/2025/06/u-europea-2025-redar.jpg" class="attachment-large size-large wp-image-992" alt="" srcset="https://derechoshumanosyempresas.cl/REDAR/wp-content/uploads/2025/06/u-europea-2025-redar.jpg 300w, https://derechoshumanosyempresas.cl/REDAR/wp-content/uploads/2025/06/u-europea-2025-redar-150x150.jpg 150w, https://derechoshumanosyempresas.cl/REDAR/wp-content/uploads/2025/06/u-europea-2025-redar-230x230.jpg 230w" sizes="(max-width: 300px) 100vw, 300px" />															</div>
				</div>
				</div>
		<div class="elementor-element elementor-element-4d4436f e-con-full e-flex e-con e-child" data-id="4d4436f" data-element_type="container" data-e-type="container">
				<div class="elementor-element elementor-element-b8de9cf elementor-widget elementor-widget-image" data-id="b8de9cf" data-element_type="widget" data-e-type="widget" data-widget_type="image.default">
				<div class="elementor-widget-container">
															<img decoding="async" width="300" height="300" src="https://derechoshumanosyempresas.cl/REDAR/wp-content/uploads/2025/06/observatorio-2-2025-redar.jpg" class="attachment-full size-full wp-image-994" alt="" srcset="https://derechoshumanosyempresas.cl/REDAR/wp-content/uploads/2025/06/observatorio-2-2025-redar.jpg 300w, https://derechoshumanosyempresas.cl/REDAR/wp-content/uploads/2025/06/observatorio-2-2025-redar-150x150.jpg 150w, https://derechoshumanosyempresas.cl/REDAR/wp-content/uploads/2025/06/observatorio-2-2025-redar-230x230.jpg 230w" sizes="(max-width: 300px) 100vw, 300px" />															</div>
				</div>
				</div>
		<div class="elementor-element elementor-element-59306f5 e-con-full e-flex e-con e-child" data-id="59306f5" data-element_type="container" data-e-type="container">
				<div class="elementor-element elementor-element-4c6d535 elementor-widget elementor-widget-image" data-id="4c6d535" data-element_type="widget" data-e-type="widget" data-widget_type="image.default">
				<div class="elementor-widget-container">
															<img decoding="async" width="300" height="300" src="https://derechoshumanosyempresas.cl/REDAR/wp-content/uploads/2025/06/centro-ddhh-2025-redar.jpg" class="attachment-large size-large wp-image-989" alt="" srcset="https://derechoshumanosyempresas.cl/REDAR/wp-content/uploads/2025/06/centro-ddhh-2025-redar.jpg 300w, https://derechoshumanosyempresas.cl/REDAR/wp-content/uploads/2025/06/centro-ddhh-2025-redar-150x150.jpg 150w, https://derechoshumanosyempresas.cl/REDAR/wp-content/uploads/2025/06/centro-ddhh-2025-redar-230x230.jpg 230w" sizes="(max-width: 300px) 100vw, 300px" />															</div>
				</div>
				</div>
		<div class="elementor-element elementor-element-5055dc8 e-con-full e-flex e-con e-child" data-id="5055dc8" data-element_type="container" data-e-type="container">
				<div class="elementor-element elementor-element-0286763 elementor-widget elementor-widget-image" data-id="0286763" data-element_type="widget" data-e-type="widget" data-widget_type="image.default">
				<div class="elementor-widget-container">
															<img loading="lazy" decoding="async" width="300" height="300" src="https://derechoshumanosyempresas.cl/REDAR/wp-content/uploads/2025/06/fima-2-2025-redar.jpg" class="attachment-large size-large wp-image-993" alt="" srcset="https://derechoshumanosyempresas.cl/REDAR/wp-content/uploads/2025/06/fima-2-2025-redar.jpg 300w, https://derechoshumanosyempresas.cl/REDAR/wp-content/uploads/2025/06/fima-2-2025-redar-150x150.jpg 150w, https://derechoshumanosyempresas.cl/REDAR/wp-content/uploads/2025/06/fima-2-2025-redar-230x230.jpg 230w" sizes="(max-width: 300px) 100vw, 300px" />															</div>
				</div>
				</div>
					</div>
				</div>
		<div class="elementor-element elementor-element-67fe8b2 e-flex e-con-boxed e-con e-parent" data-id="67fe8b2" data-element_type="container" data-e-type="container">
					<div class="e-con-inner">
		<div class="elementor-element elementor-element-4ca2942 e-con-full e-flex e-con e-child" data-id="4ca2942" data-element_type="container" data-e-type="container">
				</div>
		<div class="elementor-element elementor-element-6066889 e-con-full e-flex e-con e-child" data-id="6066889" data-element_type="container" data-e-type="container">
				<div class="elementor-element elementor-element-8431875 elementor-widget elementor-widget-image" data-id="8431875" data-element_type="widget" data-e-type="widget" data-widget_type="image.default">
				<div class="elementor-widget-container">
															<img loading="lazy" decoding="async" width="450" height="103" src="https://derechoshumanosyempresas.cl/REDAR/wp-content/uploads/2025/03/logo02.png" class="attachment-large size-large wp-image-960" alt="" srcset="https://derechoshumanosyempresas.cl/REDAR/wp-content/uploads/2025/03/logo02.png 450w, https://derechoshumanosyempresas.cl/REDAR/wp-content/uploads/2025/03/logo02-300x69.png 300w, https://derechoshumanosyempresas.cl/REDAR/wp-content/uploads/2025/03/logo02-230x53.png 230w, https://derechoshumanosyempresas.cl/REDAR/wp-content/uploads/2025/03/logo02-350x80.png 350w" sizes="(max-width: 450px) 100vw, 450px" />															</div>
				</div>
				</div>
		<div class="elementor-element elementor-element-0ce8f1d e-con-full e-flex e-con e-child" data-id="0ce8f1d" data-element_type="container" data-e-type="container">
				</div>
					</div>
				</div>
				</div>

<p>¿Dónde es nuestra intervención? Nuestra intervención tiene un foco a nivel nacional, desarrollándose en colaboración con la Plataforma de la Sociedad Civil [&hellip;]</p>
