{"id":903,"date":"2025-03-25T11:55:32","date_gmt":"2025-03-25T11:55:32","guid":{"rendered":"https:\/\/derechoshumanosyempresas.cl\/REDAR\/?page_id=903"},"modified":"2025-06-27T22:05:33","modified_gmt":"2025-06-28T02:05:33","slug":"incidencia","status":"publish","type":"page","link":"https:\/\/derechoshumanosyempresas.cl\/REDAR\/incidencia\/","title":{"rendered":"Incidencia"},"content":{"rendered":"\t\t<div data-elementor-type=\"wp-page\" data-elementor-id=\"903\" class=\"elementor elementor-903\">\n\t\t\t\t\t\t<section class=\"elementor-section elementor-top-section elementor-element elementor-element-33691e8 elementor-section-height-min-height elementor-section-boxed elementor-section-height-default elementor-section-items-middle\" data-id=\"33691e8\" data-element_type=\"section\" data-e-type=\"section\" data-settings=\"{&quot;background_background&quot;:&quot;slideshow&quot;,&quot;background_slideshow_gallery&quot;:[{&quot;id&quot;:816,&quot;url&quot;:&quot;https:\\\/\\\/derechoshumanosyempresas.cl\\\/REDAR\\\/wp-content\\\/uploads\\\/2025\\\/03\\\/Depositphotos_173782490_L.jpg&quot;},{&quot;id&quot;:820,&quot;url&quot;:&quot;https:\\\/\\\/derechoshumanosyempresas.cl\\\/REDAR\\\/wp-content\\\/uploads\\\/2025\\\/03\\\/Depositphotos_338478214_L.jpg&quot;}],&quot;background_slideshow_slide_duration&quot;:2000,&quot;background_slideshow_ken_burns&quot;:&quot;yes&quot;,&quot;background_slideshow_loop&quot;:&quot;yes&quot;,&quot;background_slideshow_slide_transition&quot;:&quot;fade&quot;,&quot;background_slideshow_transition_duration&quot;:500,&quot;background_slideshow_ken_burns_zoom_direction&quot;:&quot;in&quot;}\">\n\t\t\t\t\t\t\t<div class=\"elementor-background-overlay\"><\/div>\n\t\t\t\t\t\t\t<div class=\"elementor-container elementor-column-gap-default\">\n\t\t\t\t\t<div class=\"elementor-column elementor-col-100 elementor-top-column elementor-element elementor-element-03eeca5\" data-id=\"03eeca5\" data-element_type=\"column\" data-e-type=\"column\">\n\t\t\t<div class=\"elementor-widget-wrap\">\n\t\t\t\t\t\t\t<\/div>\n\t\t<\/div>\n\t\t\t\t\t<\/div>\n\t\t<\/section>\n\t\t<div class=\"elementor-element elementor-element-fe79a1b e-flex e-con-boxed e-con e-parent\" data-id=\"fe79a1b\" data-element_type=\"container\" data-e-type=\"container\">\n\t\t\t\t\t<div class=\"e-con-inner\">\n\t\t\t\t<div class=\"elementor-element elementor-element-552b84b elementor-widget elementor-widget-heading\" data-id=\"552b84b\" data-element_type=\"widget\" data-e-type=\"widget\" data-widget_type=\"heading.default\">\n\t\t\t\t<div class=\"elementor-widget-container\">\n\t\t\t\t\t<h2 class=\"elementor-heading-title elementor-size-default\">Incidencia<\/h2>\t\t\t\t<\/div>\n\t\t\t\t<\/div>\n\t\t\t\t\t<\/div>\n\t\t\t\t<\/div>\n\t\t<div class=\"elementor-element elementor-element-60104b2c e-flex e-con-boxed e-con e-parent\" data-id=\"60104b2c\" data-element_type=\"container\" data-e-type=\"container\">\n\t\t\t\t\t<div class=\"e-con-inner\">\n\t\t\t\t<div class=\"elementor-element elementor-element-7f3ac174 elementor-widget elementor-widget-text-editor\" data-id=\"7f3ac174\" data-element_type=\"widget\" data-e-type=\"widget\" data-widget_type=\"text-editor.default\">\n\t\t\t\t<div class=\"elementor-widget-container\">\n\t\t\t\t\t\t\t\t\t<p style=\"text-align: justify;\">En REDAR trabajamos para fortalecer la incidencia de la sociedad civil en materias de derechos humanos dentro del contexto empresarial en Chile. Para ello, <strong>articulamos y fortalecemos organizaciones de la sociedad civil (OSC) y comunidades locales<\/strong>, promoviendo su participaci\u00f3n en la toma de decisiones y en la elaboraci\u00f3n de marcos normativos sobre <strong>Derechos Humanos y Empresas<\/strong>.<\/p><p style=\"text-align: justify;\">Nuestra intervenci\u00f3n incluye:<\/p><ul style=\"text-align: justify;\"><li><strong>Capacitaci\u00f3n y formaci\u00f3n de formadores<\/strong> para que m\u00e1s personas y organizaciones puedan desarrollar estrategias efectivas de incidencia, protecci\u00f3n y defensa de los derechos humanos y ambientales.<\/li><li><strong>Generaci\u00f3n de espacios de di\u00e1logo<\/strong> con tomadores de decisiones, autoridades y otros actores relevantes.<\/li><li><strong>Impulso del fortalecimiento de la Plataforma Chilena de la Sociedad Civil sobre Derechos Humanos y Empresas<\/strong>, consolid\u00e1ndola como un actor clave en el debate p\u00fablico y en instancias internacionales.<\/li><\/ul><p style=\"text-align: justify;\">Tambi\u00e9n elaboramos <strong>recomendaciones y policy papers<\/strong>, fomentamos el di\u00e1logo con autoridades y desarrollamos campa\u00f1as de sensibilizaci\u00f3n para ampliar el conocimiento sobre la relaci\u00f3n entre <strong>empresas y derechos humanos<\/strong>.<\/p>\t\t\t\t\t\t\t\t<\/div>\n\t\t\t\t<\/div>\n\t\t\t\t\t<\/div>\n\t\t\t\t<\/div>\n\t\t<div class=\"elementor-element elementor-element-1664a48 e-flex e-con-boxed e-con e-parent\" data-id=\"1664a48\" data-element_type=\"container\" data-e-type=\"container\">\n\t\t\t\t\t<div class=\"e-con-inner\">\n\t\t<div class=\"elementor-element elementor-element-29b393d e-con-full e-flex e-con e-child\" data-id=\"29b393d\" data-element_type=\"container\" data-e-type=\"container\">\n\t\t\t\t<div class=\"elementor-element elementor-element-c677d7f elementor-widget elementor-widget-image\" data-id=\"c677d7f\" data-element_type=\"widget\" data-e-type=\"widget\" data-widget_type=\"image.default\">\n\t\t\t\t<div class=\"elementor-widget-container\">\n\t\t\t\t\t\t\t\t\t\t\t\t\t\t\t<img fetchpriority=\"high\" decoding=\"async\" width=\"300\" height=\"300\" src=\"https:\/\/derechoshumanosyempresas.cl\/REDAR\/wp-content\/uploads\/2025\/06\/u-europea-2025-redar.jpg\" class=\"attachment-large size-large wp-image-992\" alt=\"\" srcset=\"https:\/\/derechoshumanosyempresas.cl\/REDAR\/wp-content\/uploads\/2025\/06\/u-europea-2025-redar.jpg 300w, https:\/\/derechoshumanosyempresas.cl\/REDAR\/wp-content\/uploads\/2025\/06\/u-europea-2025-redar-150x150.jpg 150w, https:\/\/derechoshumanosyempresas.cl\/REDAR\/wp-content\/uploads\/2025\/06\/u-europea-2025-redar-230x230.jpg 230w\" sizes=\"(max-width: 300px) 100vw, 300px\" \/>\t\t\t\t\t\t\t\t\t\t\t\t\t\t\t<\/div>\n\t\t\t\t<\/div>\n\t\t\t\t<\/div>\n\t\t<div class=\"elementor-element elementor-element-832f62d e-con-full e-flex e-con e-child\" data-id=\"832f62d\" data-element_type=\"container\" data-e-type=\"container\">\n\t\t\t\t<div class=\"elementor-element elementor-element-4dffbc1 elementor-widget elementor-widget-image\" data-id=\"4dffbc1\" data-element_type=\"widget\" data-e-type=\"widget\" data-widget_type=\"image.default\">\n\t\t\t\t<div class=\"elementor-widget-container\">\n\t\t\t\t\t\t\t\t\t\t\t\t\t\t\t<img decoding=\"async\" width=\"300\" height=\"300\" src=\"https:\/\/derechoshumanosyempresas.cl\/REDAR\/wp-content\/uploads\/2025\/06\/observatorio-2-2025-redar.jpg\" class=\"attachment-full size-full wp-image-994\" alt=\"\" srcset=\"https:\/\/derechoshumanosyempresas.cl\/REDAR\/wp-content\/uploads\/2025\/06\/observatorio-2-2025-redar.jpg 300w, https:\/\/derechoshumanosyempresas.cl\/REDAR\/wp-content\/uploads\/2025\/06\/observatorio-2-2025-redar-150x150.jpg 150w, https:\/\/derechoshumanosyempresas.cl\/REDAR\/wp-content\/uploads\/2025\/06\/observatorio-2-2025-redar-230x230.jpg 230w\" sizes=\"(max-width: 300px) 100vw, 300px\" \/>\t\t\t\t\t\t\t\t\t\t\t\t\t\t\t<\/div>\n\t\t\t\t<\/div>\n\t\t\t\t<\/div>\n\t\t<div class=\"elementor-element elementor-element-ea74184 e-con-full e-flex e-con e-child\" data-id=\"ea74184\" data-element_type=\"container\" data-e-type=\"container\">\n\t\t\t\t<div class=\"elementor-element elementor-element-3a42573 elementor-widget elementor-widget-image\" data-id=\"3a42573\" data-element_type=\"widget\" data-e-type=\"widget\" data-widget_type=\"image.default\">\n\t\t\t\t<div class=\"elementor-widget-container\">\n\t\t\t\t\t\t\t\t\t\t\t\t\t\t\t<img decoding=\"async\" width=\"300\" height=\"300\" src=\"https:\/\/derechoshumanosyempresas.cl\/REDAR\/wp-content\/uploads\/2025\/06\/centro-ddhh-2025-redar.jpg\" class=\"attachment-large size-large wp-image-989\" alt=\"\" srcset=\"https:\/\/derechoshumanosyempresas.cl\/REDAR\/wp-content\/uploads\/2025\/06\/centro-ddhh-2025-redar.jpg 300w, https:\/\/derechoshumanosyempresas.cl\/REDAR\/wp-content\/uploads\/2025\/06\/centro-ddhh-2025-redar-150x150.jpg 150w, https:\/\/derechoshumanosyempresas.cl\/REDAR\/wp-content\/uploads\/2025\/06\/centro-ddhh-2025-redar-230x230.jpg 230w\" sizes=\"(max-width: 300px) 100vw, 300px\" \/>\t\t\t\t\t\t\t\t\t\t\t\t\t\t\t<\/div>\n\t\t\t\t<\/div>\n\t\t\t\t<\/div>\n\t\t<div class=\"elementor-element elementor-element-4807353 e-con-full e-flex e-con e-child\" data-id=\"4807353\" data-element_type=\"container\" data-e-type=\"container\">\n\t\t\t\t<div class=\"elementor-element elementor-element-b2af818 elementor-widget elementor-widget-image\" data-id=\"b2af818\" data-element_type=\"widget\" data-e-type=\"widget\" data-widget_type=\"image.default\">\n\t\t\t\t<div class=\"elementor-widget-container\">\n\t\t\t\t\t\t\t\t\t\t\t\t\t\t\t<img loading=\"lazy\" decoding=\"async\" width=\"300\" height=\"300\" src=\"https:\/\/derechoshumanosyempresas.cl\/REDAR\/wp-content\/uploads\/2025\/06\/fima-2-2025-redar.jpg\" class=\"attachment-large size-large wp-image-993\" alt=\"\" srcset=\"https:\/\/derechoshumanosyempresas.cl\/REDAR\/wp-content\/uploads\/2025\/06\/fima-2-2025-redar.jpg 300w, https:\/\/derechoshumanosyempresas.cl\/REDAR\/wp-content\/uploads\/2025\/06\/fima-2-2025-redar-150x150.jpg 150w, https:\/\/derechoshumanosyempresas.cl\/REDAR\/wp-content\/uploads\/2025\/06\/fima-2-2025-redar-230x230.jpg 230w\" sizes=\"(max-width: 300px) 100vw, 300px\" \/>\t\t\t\t\t\t\t\t\t\t\t\t\t\t\t<\/div>\n\t\t\t\t<\/div>\n\t\t\t\t<\/div>\n\t\t\t\t\t<\/div>\n\t\t\t\t<\/div>\n\t\t<div class=\"elementor-element elementor-element-19e9df5 e-flex e-con-boxed e-con e-parent\" data-id=\"19e9df5\" data-element_type=\"container\" data-e-type=\"container\">\n\t\t\t\t\t<div class=\"e-con-inner\">\n\t\t<div class=\"elementor-element elementor-element-fada1a4 e-con-full e-flex e-con e-child\" data-id=\"fada1a4\" data-element_type=\"container\" data-e-type=\"container\">\n\t\t\t\t<\/div>\n\t\t<div class=\"elementor-element elementor-element-3eb4fdb e-con-full e-flex e-con e-child\" data-id=\"3eb4fdb\" data-element_type=\"container\" data-e-type=\"container\">\n\t\t\t\t<div class=\"elementor-element elementor-element-fff3bc7 elementor-widget elementor-widget-image\" data-id=\"fff3bc7\" data-element_type=\"widget\" data-e-type=\"widget\" data-widget_type=\"image.default\">\n\t\t\t\t<div class=\"elementor-widget-container\">\n\t\t\t\t\t\t\t\t\t\t\t\t\t\t\t<img loading=\"lazy\" decoding=\"async\" width=\"450\" height=\"103\" src=\"https:\/\/derechoshumanosyempresas.cl\/REDAR\/wp-content\/uploads\/2025\/03\/logo02.png\" class=\"attachment-large size-large wp-image-960\" alt=\"\" srcset=\"https:\/\/derechoshumanosyempresas.cl\/REDAR\/wp-content\/uploads\/2025\/03\/logo02.png 450w, https:\/\/derechoshumanosyempresas.cl\/REDAR\/wp-content\/uploads\/2025\/03\/logo02-300x69.png 300w, https:\/\/derechoshumanosyempresas.cl\/REDAR\/wp-content\/uploads\/2025\/03\/logo02-230x53.png 230w, https:\/\/derechoshumanosyempresas.cl\/REDAR\/wp-content\/uploads\/2025\/03\/logo02-350x80.png 350w\" sizes=\"(max-width: 450px) 100vw, 450px\" \/>\t\t\t\t\t\t\t\t\t\t\t\t\t\t\t<\/div>\n\t\t\t\t<\/div>\n\t\t\t\t<\/div>\n\t\t<div class=\"elementor-element elementor-element-f8e4327 e-con-full e-flex e-con e-child\" data-id=\"f8e4327\" data-element_type=\"container\" data-e-type=\"container\">\n\t\t\t\t<\/div>\n\t\t\t\t\t<\/div>\n\t\t\t\t<\/div>\n\t\t\t\t<\/div>\n\t\t","protected":false},"excerpt":{"rendered":"<p>Incidencia En REDAR trabajamos para fortalecer la incidencia de la sociedad civil en materias de derechos humanos dentro del contexto empresarial en [&hellip;]<\/p>\n","protected":false},"author":1,"featured_media":0,"parent":0,"menu_order":0,"comment_status":"closed","ping_status":"closed","template":"page-templates\/page_front-page.php","meta":{"footnotes":""},"class_list":["post-903","page","type-page","status-publish","hentry"],"_links":{"self":[{"href":"https:\/\/derechoshumanosyempresas.cl\/REDAR\/wp-json\/wp\/v2\/pages\/903","targetHints":{"allow":["GET"]}}],"collection":[{"href":"https:\/\/derechoshumanosyempresas.cl\/REDAR\/wp-json\/wp\/v2\/pages"}],"about":[{"href":"https:\/\/derechoshumanosyempresas.cl\/REDAR\/wp-json\/wp\/v2\/types\/page"}],"author":[{"embeddable":true,"href":"https:\/\/derechoshumanosyempresas.cl\/REDAR\/wp-json\/wp\/v2\/users\/1"}],"replies":[{"embeddable":true,"href":"https:\/\/derechoshumanosyempresas.cl\/REDAR\/wp-json\/wp\/v2\/comments?post=903"}],"version-history":[{"count":26,"href":"https:\/\/derechoshumanosyempresas.cl\/REDAR\/wp-json\/wp\/v2\/pages\/903\/revisions"}],"predecessor-version":[{"id":1268,"href":"https:\/\/derechoshumanosyempresas.cl\/REDAR\/wp-json\/wp\/v2\/pages\/903\/revisions\/1268"}],"wp:attachment":[{"href":"https:\/\/derechoshumanosyempresas.cl\/REDAR\/wp-json\/wp\/v2\/media?parent=903"}],"curies":[{"name":"wp","href":"https:\/\/api.w.org\/{rel}","templated":true}]}}

<div data-elementor-type="wp-page" data-elementor-id="903" class="elementor elementor-903">
						<section class="elementor-section elementor-top-section elementor-element elementor-element-33691e8 elementor-section-height-min-height elementor-section-boxed elementor-section-height-default elementor-section-items-middle" data-id="33691e8" data-element_type="section" data-e-type="section" data-settings="{&quot;background_background&quot;:&quot;slideshow&quot;,&quot;background_slideshow_gallery&quot;:[{&quot;id&quot;:816,&quot;url&quot;:&quot;https:\/\/derechoshumanosyempresas.cl\/REDAR\/wp-content\/uploads\/2025\/03\/Depositphotos_173782490_L.jpg&quot;},{&quot;id&quot;:820,&quot;url&quot;:&quot;https:\/\/derechoshumanosyempresas.cl\/REDAR\/wp-content\/uploads\/2025\/03\/Depositphotos_338478214_L.jpg&quot;}],&quot;background_slideshow_slide_duration&quot;:2000,&quot;background_slideshow_ken_burns&quot;:&quot;yes&quot;,&quot;background_slideshow_loop&quot;:&quot;yes&quot;,&quot;background_slideshow_slide_transition&quot;:&quot;fade&quot;,&quot;background_slideshow_transition_duration&quot;:500,&quot;background_slideshow_ken_burns_zoom_direction&quot;:&quot;in&quot;}">
							<div class="elementor-background-overlay"></div>
							<div class="elementor-container elementor-column-gap-default">
					<div class="elementor-column elementor-col-100 elementor-top-column elementor-element elementor-element-03eeca5" data-id="03eeca5" data-element_type="column" data-e-type="column">
			<div class="elementor-widget-wrap">
							</div>
		</div>
					</div>
		</section>
		<div class="elementor-element elementor-element-fe79a1b e-flex e-con-boxed e-con e-parent" data-id="fe79a1b" data-element_type="container" data-e-type="container">
					<div class="e-con-inner">
				<div class="elementor-element elementor-element-552b84b elementor-widget elementor-widget-heading" data-id="552b84b" data-element_type="widget" data-e-type="widget" data-widget_type="heading.default">
				<div class="elementor-widget-container">
					<h2 class="elementor-heading-title elementor-size-default">Incidencia</h2>				</div>
				</div>
					</div>
				</div>
		<div class="elementor-element elementor-element-60104b2c e-flex e-con-boxed e-con e-parent" data-id="60104b2c" data-element_type="container" data-e-type="container">
					<div class="e-con-inner">
				<div class="elementor-element elementor-element-7f3ac174 elementor-widget elementor-widget-text-editor" data-id="7f3ac174" data-element_type="widget" data-e-type="widget" data-widget_type="text-editor.default">
				<div class="elementor-widget-container">
									<p style="text-align: justify;">En REDAR trabajamos para fortalecer la incidencia de la sociedad civil en materias de derechos humanos dentro del contexto empresarial en Chile. Para ello, <strong>articulamos y fortalecemos organizaciones de la sociedad civil (OSC) y comunidades locales</strong>, promoviendo su participación en la toma de decisiones y en la elaboración de marcos normativos sobre <strong>Derechos Humanos y Empresas</strong>.</p><p style="text-align: justify;">Nuestra intervención incluye:</p><ul style="text-align: justify;"><li><strong>Capacitación y formación de formadores</strong> para que más personas y organizaciones puedan desarrollar estrategias efectivas de incidencia, protección y defensa de los derechos humanos y ambientales.</li><li><strong>Generación de espacios de diálogo</strong> con tomadores de decisiones, autoridades y otros actores relevantes.</li><li><strong>Impulso del fortalecimiento de la Plataforma Chilena de la Sociedad Civil sobre Derechos Humanos y Empresas</strong>, consolidándola como un actor clave en el debate público y en instancias internacionales.</li></ul><p style="text-align: justify;">También elaboramos <strong>recomendaciones y policy papers</strong>, fomentamos el diálogo con autoridades y desarrollamos campañas de sensibilización para ampliar el conocimiento sobre la relación entre <strong>empresas y derechos humanos</strong>.</p>								</div>
				</div>
					</div>
				</div>
		<div class="elementor-element elementor-element-1664a48 e-flex e-con-boxed e-con e-parent" data-id="1664a48" data-element_type="container" data-e-type="container">
					<div class="e-con-inner">
		<div class="elementor-element elementor-element-29b393d e-con-full e-flex e-con e-child" data-id="29b393d" data-element_type="container" data-e-type="container">
				<div class="elementor-element elementor-element-c677d7f elementor-widget elementor-widget-image" data-id="c677d7f" data-element_type="widget" data-e-type="widget" data-widget_type="image.default">
				<div class="elementor-widget-container">
															<img fetchpriority="high" decoding="async" width="300" height="300" src="https://derechoshumanosyempresas.cl/REDAR/wp-content/uploads/2025/06/u-europea-2025-redar.jpg" class="attachment-large size-large wp-image-992" alt="" srcset="https://derechoshumanosyempresas.cl/REDAR/wp-content/uploads/2025/06/u-europea-2025-redar.jpg 300w, https://derechoshumanosyempresas.cl/REDAR/wp-content/uploads/2025/06/u-europea-2025-redar-150x150.jpg 150w, https://derechoshumanosyempresas.cl/REDAR/wp-content/uploads/2025/06/u-europea-2025-redar-230x230.jpg 230w" sizes="(max-width: 300px) 100vw, 300px" />															</div>
				</div>
				</div>
		<div class="elementor-element elementor-element-832f62d e-con-full e-flex e-con e-child" data-id="832f62d" data-element_type="container" data-e-type="container">
				<div class="elementor-element elementor-element-4dffbc1 elementor-widget elementor-widget-image" data-id="4dffbc1" data-element_type="widget" data-e-type="widget" data-widget_type="image.default">
				<div class="elementor-widget-container">
															<img decoding="async" width="300" height="300" src="https://derechoshumanosyempresas.cl/REDAR/wp-content/uploads/2025/06/observatorio-2-2025-redar.jpg" class="attachment-full size-full wp-image-994" alt="" srcset="https://derechoshumanosyempresas.cl/REDAR/wp-content/uploads/2025/06/observatorio-2-2025-redar.jpg 300w, https://derechoshumanosyempresas.cl/REDAR/wp-content/uploads/2025/06/observatorio-2-2025-redar-150x150.jpg 150w, https://derechoshumanosyempresas.cl/REDAR/wp-content/uploads/2025/06/observatorio-2-2025-redar-230x230.jpg 230w" sizes="(max-width: 300px) 100vw, 300px" />															</div>
				</div>
				</div>
		<div class="elementor-element elementor-element-ea74184 e-con-full e-flex e-con e-child" data-id="ea74184" data-element_type="container" data-e-type="container">
				<div class="elementor-element elementor-element-3a42573 elementor-widget elementor-widget-image" data-id="3a42573" data-element_type="widget" data-e-type="widget" data-widget_type="image.default">
				<div class="elementor-widget-container">
															<img decoding="async" width="300" height="300" src="https://derechoshumanosyempresas.cl/REDAR/wp-content/uploads/2025/06/centro-ddhh-2025-redar.jpg" class="attachment-large size-large wp-image-989" alt="" srcset="https://derechoshumanosyempresas.cl/REDAR/wp-content/uploads/2025/06/centro-ddhh-2025-redar.jpg 300w, https://derechoshumanosyempresas.cl/REDAR/wp-content/uploads/2025/06/centro-ddhh-2025-redar-150x150.jpg 150w, https://derechoshumanosyempresas.cl/REDAR/wp-content/uploads/2025/06/centro-ddhh-2025-redar-230x230.jpg 230w" sizes="(max-width: 300px) 100vw, 300px" />															</div>
				</div>
				</div>
		<div class="elementor-element elementor-element-4807353 e-con-full e-flex e-con e-child" data-id="4807353" data-element_type="container" data-e-type="container">
				<div class="elementor-element elementor-element-b2af818 elementor-widget elementor-widget-image" data-id="b2af818" data-element_type="widget" data-e-type="widget" data-widget_type="image.default">
				<div class="elementor-widget-container">
															<img loading="lazy" decoding="async" width="300" height="300" src="https://derechoshumanosyempresas.cl/REDAR/wp-content/uploads/2025/06/fima-2-2025-redar.jpg" class="attachment-large size-large wp-image-993" alt="" srcset="https://derechoshumanosyempresas.cl/REDAR/wp-content/uploads/2025/06/fima-2-2025-redar.jpg 300w, https://derechoshumanosyempresas.cl/REDAR/wp-content/uploads/2025/06/fima-2-2025-redar-150x150.jpg 150w, https://derechoshumanosyempresas.cl/REDAR/wp-content/uploads/2025/06/fima-2-2025-redar-230x230.jpg 230w" sizes="(max-width: 300px) 100vw, 300px" />															</div>
				</div>
				</div>
					</div>
				</div>
		<div class="elementor-element elementor-element-19e9df5 e-flex e-con-boxed e-con e-parent" data-id="19e9df5" data-element_type="container" data-e-type="container">
					<div class="e-con-inner">
		<div class="elementor-element elementor-element-fada1a4 e-con-full e-flex e-con e-child" data-id="fada1a4" data-element_type="container" data-e-type="container">
				</div>
		<div class="elementor-element elementor-element-3eb4fdb e-con-full e-flex e-con e-child" data-id="3eb4fdb" data-element_type="container" data-e-type="container">
				<div class="elementor-element elementor-element-fff3bc7 elementor-widget elementor-widget-image" data-id="fff3bc7" data-element_type="widget" data-e-type="widget" data-widget_type="image.default">
				<div class="elementor-widget-container">
															<img loading="lazy" decoding="async" width="450" height="103" src="https://derechoshumanosyempresas.cl/REDAR/wp-content/uploads/2025/03/logo02.png" class="attachment-large size-large wp-image-960" alt="" srcset="https://derechoshumanosyempresas.cl/REDAR/wp-content/uploads/2025/03/logo02.png 450w, https://derechoshumanosyempresas.cl/REDAR/wp-content/uploads/2025/03/logo02-300x69.png 300w, https://derechoshumanosyempresas.cl/REDAR/wp-content/uploads/2025/03/logo02-230x53.png 230w, https://derechoshumanosyempresas.cl/REDAR/wp-content/uploads/2025/03/logo02-350x80.png 350w" sizes="(max-width: 450px) 100vw, 450px" />															</div>
				</div>
				</div>
		<div class="elementor-element elementor-element-f8e4327 e-con-full e-flex e-con e-child" data-id="f8e4327" data-element_type="container" data-e-type="container">
				</div>
					</div>
				</div>
				</div>
